{"id":30418,"date":"2021-12-08T11:20:23","date_gmt":"2021-12-08T09:20:23","guid":{"rendered":"https:\/\/www.opendoors.org.za\/?page_id=30418"},"modified":"2021-12-08T11:41:32","modified_gmt":"2021-12-08T09:41:32","slug":"steek-hoop-aan-e2112","status":"publish","type":"page","link":"https:\/\/www.opendoors.org.za\/afr\/steek-hoop-aan-e2112\/","title":{"rendered":"STEEK HOOP AAN &#8211; E2112"},"content":{"rendered":"<div class=\"wpb-content-wrapper\">[vc_row][vc_column width=&#8221;5\/6&#8243; offset=&#8221;vc_col-lg-offset-1&#8243;]<div class=\"vcex-spacing wpex-w-100 wpex-clear\"><\/div>[vc_single_image image=&#8221;30416&#8243; alignment=&#8221;center&#8221;]<div class=\"vcex-spacing wpex-w-100 wpex-clear\"><\/div>[vc_column_text]<strong>\u201c<em>Ondanks al die donkerte in hierdie land, wat met vervolging gevul is, het kinders hul vonk van hoop in Jesus gevind.\u201d<\/em> Rafif se pa is voor haar geboorte doodgemaak omdat hy \u0149 Christen was. Nou vind sy hoop in die Redder vir wie hy gesterf het.<\/strong>[\/vc_column_text][\/vc_column][\/vc_row][vc_row full_width=&#8221;stretch_row&#8221; css=&#8221;.vc_custom_1636980275237{padding-top: 50px !important;padding-bottom: 20px !important;background-color: #e0e0e0 !important;}&#8221;][vc_column width=&#8221;1\/2&#8243;][vc_column_text]Rafif is elf. Sy het haar pa verloor in \u0149 bomaanval wat Christene in Irak geteiken het. Hy het talle lewens gered deur \u0149 bus vol jong gelowiges oor die bom te waarsku, maar is self tragies dood in die aanval. Rafif was toe nog nie gebore nie.<br \/>\n<em>\u201cEk mis my pa,\u201d<\/em> s\u00ea Rafif. Dit is veral moeilik tydens Kerksfees. \u0149 Geboortetoneel van Jesus wat haar pa van papier-m\u00e2ch\u00e9 gemaak het, help Rafif om in hierdie tyd van die jaar aan hom te dink: <em>\u201cEk het hom nooit geken nie, maar as ek die geboortetoneel opstel, voel ek dat hy met ons Kersfees teenwoordig is.\u201d<\/em><\/p>\n<p>Waarom is Rafif se pa deur Islamitiese ekstremiste doodgemaak? Rafif is nog jonk en stel dit eenvoudig: <em>\u201cOmdat hulle Christen-mense haat, hulle wil ons uit die w\u00eareld kry. Maar ons staan altyd sterk!\u201d<\/em>[\/vc_column_text][\/vc_column][vc_column width=&#8221;1\/2&#8243;][vc_column_text]Rafif se familie het hul broodwinner verloor, wat hulle ekonomies kwesbaar maak.<\/p>\n<p>Danksy Geopende Deure-ondersteuners ontvang Rafif en haar ma, praktiese en geestelike hulp oor die lang termyn ontvang. Dit sluit \u0149 Christen-opvoeding vir Rafif in.<\/p>\n<p><strong>Irak is nie die enigste plek waar Christene weens hul geloof vervolg word nie. <\/strong>Miljoene kinders regoor die w\u00eareld gaan hierdie Kersfees hul ouers mis, geweld in die gesig staar en diskriminasie ervaar omdat hulle ouers gekies het om Jesus te volg.<\/p>\n<p>Wanneer Rafif hieroor uitgevra word, weet sy wat sal help: \u201cElkeen van hierdie kinders behoort Christen-opvoedingsklasse soos myne te kry.\u201d[\/vc_column_text][\/vc_column][\/vc_row][vc_row][vc_column]<div class=\"vcex-spacing wpex-w-100 wpex-clear\"><\/div>[vc_column_text]Jy kan help om Rafif se visie te verwesenlik. Jy kan help om die vervolgde Kerk se toekoms te verseker.<\/p>\n<p><strong>Gee asseblief vandag \u0149 Kersgeskenk en bid om die vonk van hoop te help terugbring in die lewens van kinders in die vervolgde Kerk.<\/strong><\/p>\n<ul>\n<li>Elke R290 kan aan twee vervolgde kinders \u0149 Kersgeskenk gee (soos Bybels, klere en skoolbenodigdhede).<\/li>\n<li>Elke R1 275 kan \u0149 Kersfees-familiepakket met noodsaaklike kos, \u0149 geskenk vir \u0149 kind en die geleentheid vir hulle om \u0149 spesiale Kersfees-kinderpartytjie by te woon, voorsien.<\/li>\n<li>Elke R2 550 kan vir \u0149 jaar se basiese skoolonderrig betaal vir twee kinders van pastore wat weens hul geloof doodgemaak is.<\/li>\n<\/ul>\n[\/vc_column_text][vc_row_inner][vc_column_inner]<div class=\"vcex-spacing wpex-w-100 wpex-clear\"><\/div>[\/vc_column_inner][\/vc_row_inner][\/vc_column][\/vc_row]\n<\/div>","protected":false},"excerpt":{"rendered":"<p>[vc_row][vc_column width=&#8221;5\/6&#8243; offset=&#8221;vc_col-lg-offset-1&#8243;][vc_single_image image=&#8221;30416&#8243; alignment=&#8221;center&#8221;][vc_column_text]\u201cOndanks al die donkerte in hierdie land, wat met vervolging gevul is, het kinders hul vonk van hoop in Jesus gevind.\u201d Rafif se pa is voor haar geboorte doodgemaak omdat hy \u0149 Christen was. Nou vind sy hoop in die Redder vir wie hy gesterf het.[\/vc_column_text][\/vc_column][\/vc_row][vc_row full_width=&#8221;stretch_row&#8221; css=&#8221;.vc_custom_1636980275237{padding-top: 50px !important;padding-bottom: 20px&hellip;<\/p>\n","protected":false},"author":260,"featured_media":0,"parent":0,"menu_order":0,"comment_status":"closed","ping_status":"closed","template":"","meta":{"_acf_changed":false,"footnotes":""},"class_list":["post-30418","page","type-page","status-publish","hentry","entry","no-media"],"acf":[],"yoast_head":"<!-- This site is optimized with the Yoast SEO plugin v27.1.1 - https:\/\/yoast.com\/product\/yoast-seo-wordpress\/ -->\n<title>STEEK HOOP AAN - E2112 - Geopende Deure<\/title>\n<meta name=\"robots\" content=\"index, follow, max-snippet:-1, max-image-preview:large, max-video-preview:-1\" \/>\n<link rel=\"canonical\" href=\"https:\/\/www.opendoors.org.za\/afr\/steek-hoop-aan-e2112\/\" \/>\n<meta property=\"og:locale\" content=\"af_ZA\" \/>\n<meta property=\"og:type\" content=\"article\" \/>\n<meta property=\"og:title\" content=\"STEEK HOOP AAN - E2112 - Geopende Deure\" \/>\n<meta property=\"og:description\" content=\"[vc_row][vc_column width=&#8221;5\/6&#8243; offset=&#8221;vc_col-lg-offset-1&#8243;][vc_single_image image=&#8221;30416&#8243; alignment=&#8221;center&#8221;][vc_column_text]\u201cOndanks al die donkerte in hierdie land, wat met vervolging gevul is, het kinders hul vonk van hoop in Jesus gevind.\u201d Rafif se pa is voor haar geboorte doodgemaak omdat hy \u0149 Christen was. Nou vind sy hoop in die Redder vir wie hy gesterf het.[\/vc_column_text][\/vc_column][\/vc_row][vc_row full_width=&#8221;stretch_row&#8221; css=&#8221;.vc_custom_1636980275237{padding-top: 50px !important;padding-bottom: 20px&hellip;\" \/>\n<meta property=\"og:url\" content=\"https:\/\/www.opendoors.org.za\/afr\/steek-hoop-aan-e2112\/\" \/>\n<meta property=\"og:site_name\" content=\"Geopende Deure\" \/>\n<meta property=\"article:modified_time\" content=\"2021-12-08T09:41:32+00:00\" \/>\n<meta name=\"twitter:card\" content=\"summary_large_image\" \/>\n<meta name=\"twitter:label1\" content=\"Est. reading time\" \/>\n\t<meta name=\"twitter:data1\" content=\"2 minutes\" \/>\n<script type=\"application\/ld+json\" class=\"yoast-schema-graph\">{\"@context\":\"https:\/\/schema.org\",\"@graph\":[{\"@type\":\"WebPage\",\"@id\":\"https:\/\/www.opendoors.org.za\/afr\/steek-hoop-aan-e2112\/\",\"url\":\"https:\/\/www.opendoors.org.za\/afr\/steek-hoop-aan-e2112\/\",\"name\":\"STEEK HOOP AAN - E2112 - Geopende Deure\",\"isPartOf\":{\"@id\":\"https:\/\/www.opendoors.org.za\/afr\/#website\"},\"datePublished\":\"2021-12-08T09:20:23+00:00\",\"dateModified\":\"2021-12-08T09:41:32+00:00\",\"breadcrumb\":{\"@id\":\"https:\/\/www.opendoors.org.za\/afr\/steek-hoop-aan-e2112\/#breadcrumb\"},\"inLanguage\":\"af-ZA\",\"potentialAction\":[{\"@type\":\"ReadAction\",\"target\":[\"https:\/\/www.opendoors.org.za\/afr\/steek-hoop-aan-e2112\/\"]}]},{\"@type\":\"BreadcrumbList\",\"@id\":\"https:\/\/www.opendoors.org.za\/afr\/steek-hoop-aan-e2112\/#breadcrumb\",\"itemListElement\":[{\"@type\":\"ListItem\",\"position\":1,\"name\":\"\",\"item\":\"https:\/\/www.opendoors.org.za\/afr\/\"},{\"@type\":\"ListItem\",\"position\":2,\"name\":\"STEEK HOOP AAN &#8211; E2112\"}]},{\"@type\":\"WebSite\",\"@id\":\"https:\/\/www.opendoors.org.za\/afr\/#website\",\"url\":\"https:\/\/www.opendoors.org.za\/afr\/\",\"name\":\"Geopende Deure\",\"description\":\"The world&#039;s largest outreach to persecuted Christians in the most high-risk places.\",\"publisher\":{\"@id\":\"https:\/\/www.opendoors.org.za\/afr\/#organization\"},\"potentialAction\":[{\"@type\":\"SearchAction\",\"target\":{\"@type\":\"EntryPoint\",\"urlTemplate\":\"https:\/\/www.opendoors.org.za\/afr\/?s={search_term_string}\"},\"query-input\":{\"@type\":\"PropertyValueSpecification\",\"valueRequired\":true,\"valueName\":\"search_term_string\"}}],\"inLanguage\":\"af-ZA\"},{\"@type\":\"Organization\",\"@id\":\"https:\/\/www.opendoors.org.za\/afr\/#organization\",\"name\":\"Geopende Deure\",\"url\":\"https:\/\/www.opendoors.org.za\/afr\/\",\"logo\":{\"@type\":\"ImageObject\",\"inLanguage\":\"af-ZA\",\"@id\":\"https:\/\/www.opendoors.org.za\/afr\/#\/schema\/logo\/image\/\",\"url\":\"https:\/\/www.opendoors.org.za\/wp-content\/uploads\/2023\/08\/Open-Doors-English-2023.png\",\"contentUrl\":\"https:\/\/www.opendoors.org.za\/wp-content\/uploads\/2023\/08\/Open-Doors-English-2023.png\",\"width\":606,\"height\":76,\"caption\":\"Geopende Deure\"},\"image\":{\"@id\":\"https:\/\/www.opendoors.org.za\/afr\/#\/schema\/logo\/image\/\"}}]}<\/script>\n<!-- \/ Yoast SEO plugin. -->","yoast_head_json":{"title":"STEEK HOOP AAN - E2112 - Geopende Deure","robots":{"index":"index","follow":"follow","max-snippet":"max-snippet:-1","max-image-preview":"max-image-preview:large","max-video-preview":"max-video-preview:-1"},"canonical":"https:\/\/www.opendoors.org.za\/afr\/steek-hoop-aan-e2112\/","og_locale":"af_ZA","og_type":"article","og_title":"STEEK HOOP AAN - E2112 - Geopende Deure","og_description":"[vc_row][vc_column width=&#8221;5\/6&#8243; offset=&#8221;vc_col-lg-offset-1&#8243;][vc_single_image image=&#8221;30416&#8243; alignment=&#8221;center&#8221;][vc_column_text]\u201cOndanks al die donkerte in hierdie land, wat met vervolging gevul is, het kinders hul vonk van hoop in Jesus gevind.\u201d Rafif se pa is voor haar geboorte doodgemaak omdat hy \u0149 Christen was. Nou vind sy hoop in die Redder vir wie hy gesterf het.[\/vc_column_text][\/vc_column][\/vc_row][vc_row full_width=&#8221;stretch_row&#8221; css=&#8221;.vc_custom_1636980275237{padding-top: 50px !important;padding-bottom: 20px&hellip;","og_url":"https:\/\/www.opendoors.org.za\/afr\/steek-hoop-aan-e2112\/","og_site_name":"Geopende Deure","article_modified_time":"2021-12-08T09:41:32+00:00","twitter_card":"summary_large_image","twitter_misc":{"Est. reading time":"2 minutes"},"schema":{"@context":"https:\/\/schema.org","@graph":[{"@type":"WebPage","@id":"https:\/\/www.opendoors.org.za\/afr\/steek-hoop-aan-e2112\/","url":"https:\/\/www.opendoors.org.za\/afr\/steek-hoop-aan-e2112\/","name":"STEEK HOOP AAN - E2112 - Geopende Deure","isPartOf":{"@id":"https:\/\/www.opendoors.org.za\/afr\/#website"},"datePublished":"2021-12-08T09:20:23+00:00","dateModified":"2021-12-08T09:41:32+00:00","breadcrumb":{"@id":"https:\/\/www.opendoors.org.za\/afr\/steek-hoop-aan-e2112\/#breadcrumb"},"inLanguage":"af-ZA","potentialAction":[{"@type":"ReadAction","target":["https:\/\/www.opendoors.org.za\/afr\/steek-hoop-aan-e2112\/"]}]},{"@type":"BreadcrumbList","@id":"https:\/\/www.opendoors.org.za\/afr\/steek-hoop-aan-e2112\/#breadcrumb","itemListElement":[{"@type":"ListItem","position":1,"name":"","item":"https:\/\/www.opendoors.org.za\/afr\/"},{"@type":"ListItem","position":2,"name":"STEEK HOOP AAN &#8211; E2112"}]},{"@type":"WebSite","@id":"https:\/\/www.opendoors.org.za\/afr\/#website","url":"https:\/\/www.opendoors.org.za\/afr\/","name":"Geopende Deure","description":"The world&#039;s largest outreach to persecuted Christians in the most high-risk places.","publisher":{"@id":"https:\/\/www.opendoors.org.za\/afr\/#organization"},"potentialAction":[{"@type":"SearchAction","target":{"@type":"EntryPoint","urlTemplate":"https:\/\/www.opendoors.org.za\/afr\/?s={search_term_string}"},"query-input":{"@type":"PropertyValueSpecification","valueRequired":true,"valueName":"search_term_string"}}],"inLanguage":"af-ZA"},{"@type":"Organization","@id":"https:\/\/www.opendoors.org.za\/afr\/#organization","name":"Geopende Deure","url":"https:\/\/www.opendoors.org.za\/afr\/","logo":{"@type":"ImageObject","inLanguage":"af-ZA","@id":"https:\/\/www.opendoors.org.za\/afr\/#\/schema\/logo\/image\/","url":"https:\/\/www.opendoors.org.za\/wp-content\/uploads\/2023\/08\/Open-Doors-English-2023.png","contentUrl":"https:\/\/www.opendoors.org.za\/wp-content\/uploads\/2023\/08\/Open-Doors-English-2023.png","width":606,"height":76,"caption":"Geopende Deure"},"image":{"@id":"https:\/\/www.opendoors.org.za\/afr\/#\/schema\/logo\/image\/"}}]}},"_links":{"self":[{"href":"https:\/\/www.opendoors.org.za\/afr\/wp-json\/wp\/v2\/pages\/30418","targetHints":{"allow":["GET"]}}],"collection":[{"href":"https:\/\/www.opendoors.org.za\/afr\/wp-json\/wp\/v2\/pages"}],"about":[{"href":"https:\/\/www.opendoors.org.za\/afr\/wp-json\/wp\/v2\/types\/page"}],"author":[{"embeddable":true,"href":"https:\/\/www.opendoors.org.za\/afr\/wp-json\/wp\/v2\/users\/260"}],"replies":[{"embeddable":true,"href":"https:\/\/www.opendoors.org.za\/afr\/wp-json\/wp\/v2\/comments?post=30418"}],"version-history":[{"count":0,"href":"https:\/\/www.opendoors.org.za\/afr\/wp-json\/wp\/v2\/pages\/30418\/revisions"}],"wp:attachment":[{"href":"https:\/\/www.opendoors.org.za\/afr\/wp-json\/wp\/v2\/media?parent=30418"}],"curies":[{"name":"wp","href":"https:\/\/api.w.org\/{rel}","templated":true}]}}