{"id":29934,"date":"2021-11-03T10:57:11","date_gmt":"2021-11-03T08:57:11","guid":{"rendered":"https:\/\/www.opendoors.org.za\/volunteers\/"},"modified":"2025-02-05T08:59:45","modified_gmt":"2025-02-05T06:59:45","slug":"vrywilliger","status":"publish","type":"page","link":"https:\/\/www.opendoors.org.za\/afr\/vrywilliger\/","title":{"rendered":"Vrywilligers"},"content":{"rendered":"<div class=\"wpb-content-wrapper\">[vc_row full_width=&#8221;stretch_row_content_no_spaces&#8221;][vc_column]<style>.vcex-image-banner.vcex_69dc693128e85{min-height:500px;}.vcex-image-banner.vcex_69dc693128e85 .vcex-ib-content-wrap{padding-inline:20%;}.vcex-image-banner.vcex_69dc693128e85 .vcex-ib-overlay-bg{background-color:#000000;opacity:0.4;}.vcex-image-banner.vcex_69dc693128e85 .vcex-ib-title{padding-block-end:20px;color:var(--wpex-on-accent);font-size:56px;}.vcex-image-banner.vcex_69dc693128e85 .vcex-ib-caption{padding-block-end:40px;color:var(--wpex-on-accent);font-size:20px;}<\/style><a class=\"vcex-module vcex-image-banner vcex-image-banner-has-link wpex-no-underline local-scroll-link wpex-flex wpex-flex-col wpex-w-100 wpex-justify-center wpex-relative wpex-overflow-hidden wpex-bg-gray-900 wpex-text-white wpex-hover-text-white wpex-text-center vcex-has-button vcex_69dc693128e85\" href=\"#more\"><span class=\"vcex-ib-img wpex-block wpex-transition-all wpex-duration-500 wpex-bg-cover wpex-absolute wpex-inset-0\" style=\"background-image:url(https:\/\/www.opendoors.org.za\/wp-content\/uploads\/2025\/01\/Volunteer-2025.png);background-position:center center;\"><\/span><div class=\"vcex-ib-overlay wpex-absolute wpex-inset-0 wpex-transition-all wpex-duration-500\"><div class=\"vcex-ib-overlay-bg wpex-absolute wpex-inset-0 wpex-bg-black wpex-opacity-30 wpex-mix-blend-darken\"><\/div><\/div><div class=\"vcex-ib-content-wrap wpex-w-100 wpex-transition-all wpex-duration-500 wpex-py-100 wpex-relative\"><div class=\"vcex-ib-content wpex-mx-auto\"><h1 class=\"vcex-ib-title wpex-heading\">Vrywilliger<\/h1><div class=\"vcex-ib-caption wpex-text-lg wpex-last-mb-0\">Gebruik jou vaardighede en tyd vir ons vervolgde familie as \u0149 vrywillige spreker of kerkverteenwoordiger.<\/div><div class=\"vcex-ib-button\"><span class=\"vcex-ib-button-inner theme-button\">Lees meer<\/span><\/div><\/div><\/div><\/a>[\/vc_column][\/vc_row][vc_row content_placement=&#8221;bottom&#8221; gap=&#8221;35&#8243; local_scroll_id=&#8221;more&#8221;][vc_column width=&#8221;2\/3&#8243;]<nav class=\"vcex-breadcrumbs vcex-breadcrumbs--links-inherit-color\"><span><span><a href=\"https:\/\/www.opendoors.org.za\/afr\/\"><span class=\"ticon ticon-home\" aria-hidden=\"true\"><\/span><\/a><\/span><\/span><\/nav><div class=\"vcex-spacing wpex-w-100 wpex-clear\" style=\"height:20px;\"><\/div><style>.vcex-heading.vcex_69dc69312a3dd{color:var(--wpex-accent);font-size:46px;font-family:'Ms Madi';line-height:var(--wpex-leading-tight);}<\/style><div class=\"vcex-heading vcex-heading-plain vcex-module wpex-heading wpex-text-2xl wpex-div vcex_69dc69312a3dd\"><span class=\"vcex-heading-inner wpex-inline-block\">Sluit aan by ons gemeenskap van vrywilligers.<\/span><\/div><div class=\"vcex-spacing wpex-w-100 wpex-clear\" style=\"height:40px;\"><\/div>[vc_column_text css=&#8221;&#8221;]Verbeel jou daar is \u0149 brug wat die Suider-Afrikaanse Kerk met die vervolgde Kerk verbind, \u0149 band s\u00f3 sterk dat niks dit kan breek nie. Elke kerk in Suider-Afrika hou die vervolgde Kerk in hul harte, en vergeet nooit hul stories en gesigte nie.<\/p>\n<p>Dit is ons visie by Geopende Deure Suider-Afrika. Ons wil sien dat die vervolgde Kerk in elke kerk in Suider-Afrika onthou word, met so \u0149 sterk verbintenis dat tyd, afstand en kultuur dit nooit kan breek nie, want ons kultuur is Christus \u2013 wat in ons almal leef en asemhaal as die Liggaam van Christus.<\/p>\n<p>Maar ons kan dit nie alleen doen nie. Dit is waarom ons \u0149 beroep op jou, ons vennoot, doen om dit te help moontlik maak.<\/p>\n<p>Ons vrywilligers speel \u0149 belangrike rol om hierdie visie \u0149 werklikheid te maak, en help met hul toewyding en diens aan ons vervolgde familie in hul kerke en gemeenskappe om hierdie verbintenis te versterk en te koester.<\/p>\n<p><strong>Gebruik jou vaardighede en tyd vir ons vervolgde familie as \u0149 vrywillige spreker of kerkverteenwoordiger.<\/strong><\/p>\n<blockquote>\n<p>Saam kan ons die Suider-Afrikaanse Kerk versterk en mobiliseer om diegene te ondersteun wat Jesus in die donkerste plekke volg.<\/p>\n<\/blockquote>\n[\/vc_column_text]<div class=\"vcex-spacing wpex-w-100 wpex-clear\" style=\"height:40px;\"><\/div><a href=\"#volunteer\" class=\"vcex-button theme-button inline\"><span class=\"vcex-button-inner theme-button-inner wpex-flex wpex-flex-wrap wpex-items-center wpex-justify-center\">Vrywilligersgeleenthede<\/span><\/a> [\/vc_column][vc_column width=&#8221;1\/3&#8243;][vc_single_image image=&#8221;45847&#8243; css_animation=&#8221;fadeIn&#8221; alignment=&#8221;center&#8221; style=&#8221;vc_box_shadow_3d&#8221; css=&#8221;&#8221;][\/vc_column][\/vc_row][vc_row content_placement=&#8221;bottom&#8221; column_spacing=&#8221;0px&#8221; equal_height=&#8221;yes&#8221; disable_element=&#8221;yes&#8221; typography_style=&#8221;white&#8221; css=&#8221;.vc_custom_1738263756902{background-color: #703f71 !important;}&#8221;][vc_column width=&#8221;1\/3&#8243;][vc_single_image image=&#8221;45812&#8243; onclick=&#8221;custom_link&#8221; img_link_target=&#8221;_blank&#8221; css=&#8221;&#8221; link=&#8221;https:\/\/www.opendoors.org.za\/volunteers-church-speakers\/&#8221;][\/vc_column][vc_column width=&#8221;2\/3&#8243; css=&#8221;.vc_custom_1738183462944{padding-top: 40px !important;padding-right: 40px !important;padding-bottom: 40px !important;padding-left: 40px !important;}&#8221;]<style>.vcex-heading.vcex_69dc69312b714{color:var(--wpex-on-accent);font-size:28px;}<\/style><div class=\"vcex-heading vcex-heading-plain vcex-module wpex-heading wpex-text-2xl wpex-div wpex-text-left vcex_69dc69312b714\"><span class=\"vcex-heading-inner wpex-inline-block\">Volunteer Speakers<\/span><\/div><style>.vcex_69dc69312b8e9{height:20px;}@media (max-width:767px){.vcex_69dc69312b8e9{height:40px;}}<\/style><div class=\"vcex-spacing wpex-w-100 wpex-clear vcex_69dc69312b8e9\"><\/div>[vc_column_text css=&#8221;&#8221;]As a speaker, you can use your voice to inspire others to take action and stand alongside those most persecuted for our faith. You will help spread the message of the persecuted Church by being a voice in your area for those in our family of faith who are unable to speak up for themselves. Please complete the form below to submit your application.[\/vc_column_text]<style>.vcex_69dc69312b9ac{height:20px;}@media (max-width:767px){.vcex_69dc69312b9ac{height:40px;}}<\/style><div class=\"vcex-spacing wpex-w-100 wpex-clear vcex_69dc69312b9ac\"><\/div><a href=\"#\" class=\"vcex-button theme-button white inline\"><span class=\"vcex-button-inner theme-button-inner wpex-flex wpex-flex-wrap wpex-items-center wpex-justify-center\">Button Text<\/span><\/a> [\/vc_column][\/vc_row][vc_row content_placement=&#8221;bottom&#8221; column_spacing=&#8221;0px&#8221; equal_height=&#8221;yes&#8221; disable_element=&#8221;yes&#8221; typography_style=&#8221;white&#8221; css=&#8221;.vc_custom_1738263748217{background-color: #703f71 !important;}&#8221;][vc_column width=&#8221;2\/3&#8243; css=&#8221;.vc_custom_1738183695330{padding-top: 40px !important;padding-right: 40px !important;padding-bottom: 40px !important;padding-left: 40px !important;}&#8221;]<style>.vcex-heading.vcex_69dc69312c309{color:var(--wpex-on-accent);font-size:28px;}<\/style><div class=\"vcex-heading vcex-heading-plain vcex-module wpex-heading wpex-text-2xl wpex-div wpex-text-left vcex_69dc69312c309\"><span class=\"vcex-heading-inner wpex-inline-block\">Church Representatives<\/span><\/div><style>.vcex_69dc69312c49a{height:20px;}@media (max-width:767px){.vcex_69dc69312c49a{height:40px;}}<\/style><div class=\"vcex-spacing wpex-w-100 wpex-clear vcex_69dc69312c49a\"><\/div>[vc_column_text css=&#8221;&#8221;]By becoming a church representative, you\u2019ll be the go-to person at your church for everything Open Doors. Keeping the church up to date with the latest stories, resources, and campaigns to enable them to pray and take action. All you need is a heart for our persecuted family, the eagerness to make a difference and the rest we will supply. Please complete the form below to submit your application.[\/vc_column_text]<style>.vcex_69dc69312c567{height:20px;}@media (max-width:767px){.vcex_69dc69312c567{height:40px;}}<\/style><div class=\"vcex-spacing wpex-w-100 wpex-clear vcex_69dc69312c567\"><\/div><a href=\"#\" class=\"vcex-button theme-button white inline\"><span class=\"vcex-button-inner theme-button-inner wpex-flex wpex-flex-wrap wpex-items-center wpex-justify-center\">Button Text<\/span><\/a> [\/vc_column][vc_column width=&#8221;1\/3&#8243;][vc_single_image image=&#8221;45815&#8243; onclick=&#8221;custom_link&#8221; img_link_target=&#8221;_blank&#8221; css=&#8221;&#8221; link=&#8221;https:\/\/www.opendoors.org.za\/volunteers-church-speakers\/&#8221;][\/vc_column][\/vc_row][vc_row column_spacing=&#8221;0px&#8221; gap=&#8221;35&#8243; local_scroll_id=&#8221;volunteer&#8221; css=&#8221;.vc_custom_1738264224842{margin-bottom: 60px !important;}&#8221;][vc_column width=&#8221;1\/2&#8243;][vc_row_inner equal_height=&#8221;yes&#8221; content_placement=&#8221;bottom&#8221;][vc_column_inner width=&#8221;1\/2&#8243; css=&#8221;.vc_custom_1738263637239{padding-top: 20px !important;padding-right: 20px !important;padding-bottom: 20px !important;padding-left: 20px !important;background-color: #703f71 !important;}&#8221;]<style>.vcex-heading.vcex_69dc69312cd89{color:#fefefe;font-size:22px;font-weight:200;}<\/style><div class=\"vcex-heading vcex-heading-plain vcex-module wpex-heading wpex-text-2xl wpex-div wpex-text-right vcex_69dc69312cd89\"><span class=\"vcex-heading-inner wpex-inline-block\">Word 'n<\/span><\/div><style>.vcex-heading.vcex_69dc69312d0d3{color:#fefefe;}<\/style><div class=\"vcex-heading vcex-heading-plain vcex-module wpex-heading wpex-text-2xl wpex-div wpex-text-right vcex_69dc69312d0d3\"><span class=\"vcex-heading-inner wpex-inline-block\">Vrywillige spreker<\/span><\/div><style>.vcex-icon.vcex_69dc69312d5b3 .vcex-icon-wrap{color:var(--wpex-on-accent);}.vcex-icon.vcex_69dc69312d5b3 .vcex-icon-wrap:hover{color:var(--wpex-accent-alt);}<\/style><div class=\"vcex-icon vcex-module vcex-icon-normal wpex-float-right wpex-ml-20 vcex_69dc69312d5b3\"><a href=\"https:\/\/www.opendoors.org.za\/afr\/sprekers\/\" class=\"vcex-icon-link wpex-no-underline wpex-text-current wpex-hover-text-current\"><div class=\"vcex-icon-wrap wpex-inline-flex wpex-items-center wpex-justify-center wpex-leading-none wpex-transition-colors wpex-duration-200\"><span class=\"wpex-icon wpex-icon--bidi\" aria-hidden=\"true\"><svg xmlns=\"http:\/\/www.w3.org\/2000\/svg\" viewBox=\"0 0 512 512\"><path d=\"M470.6 278.6c12.5-12.5 12.5-32.8 0-45.3l-160-160c-12.5-12.5-32.8-12.5-45.3 0s-12.5 32.8 0 45.3L402.7 256 265.4 393.4c-12.5 12.5-12.5 32.8 0 45.3s32.8 12.5 45.3 0l160-160zm-352 160l160-160c12.5-12.5 12.5-32.8 0-45.3l-160-160c-12.5-12.5-32.8-12.5-45.3 0s-12.5 32.8 0 45.3L210.7 256 73.4 393.4c-12.5 12.5-12.5 32.8 0 45.3s32.8 12.5 45.3 0z\"\/><\/svg><\/span><\/div><\/a><\/div>[\/vc_column_inner][vc_column_inner width=&#8221;1\/2&#8243;]<figure class=\"vcex-image vcex-module\"><div class=\"vcex-image-inner wpex-relative wpex-inline-block\"><img width=\"400\" height=\"400\" src=\"https:\/\/www.opendoors.org.za\/wp-content\/uploads\/2025\/01\/Volunteer-3.png\" class=\"vcex-image-img wpex-align-middle\" alt=\"\" loading=\"lazy\" decoding=\"async\" srcset=\"https:\/\/www.opendoors.org.za\/wp-content\/uploads\/2025\/01\/Volunteer-3.png 400w, https:\/\/www.opendoors.org.za\/wp-content\/uploads\/2025\/01\/Volunteer-3-300x300.png 300w, https:\/\/www.opendoors.org.za\/wp-content\/uploads\/2025\/01\/Volunteer-3-150x150.png 150w, https:\/\/www.opendoors.org.za\/wp-content\/uploads\/2025\/01\/Volunteer-3-100x100.png 100w\" sizes=\"auto, (max-width: 400px) 100vw, 400px\" \/><\/div><\/figure>[\/vc_column_inner][\/vc_row_inner][\/vc_column][vc_column width=&#8221;1\/2&#8243;][vc_row_inner equal_height=&#8221;yes&#8221; content_placement=&#8221;bottom&#8221;][vc_column_inner width=&#8221;1\/2&#8243; css=&#8221;.vc_custom_1738264032980{padding-top: 20px !important;padding-right: 20px !important;padding-bottom: 20px !important;padding-left: 20px !important;background-color: #703f71 !important;}&#8221;]<style>.vcex-heading.vcex_69dc69312fd02{color:#fefefe;font-size:22px;font-weight:200;}<\/style><div class=\"vcex-heading vcex-heading-plain vcex-module wpex-heading wpex-text-2xl wpex-div wpex-text-right vcex_69dc69312fd02\"><span class=\"vcex-heading-inner wpex-inline-block\">Word 'n<\/span><\/div><style>.vcex-heading.vcex_69dc69313006c{color:#fefefe;}<\/style><div class=\"vcex-heading vcex-heading-plain vcex-module wpex-heading wpex-text-2xl wpex-div wpex-text-right vcex_69dc69313006c\"><span class=\"vcex-heading-inner wpex-inline-block\">Kerkverteenwoordiger<\/span><\/div><style>.vcex-icon.vcex_69dc693131a9c .vcex-icon-wrap{color:var(--wpex-on-accent);}.vcex-icon.vcex_69dc693131a9c .vcex-icon-wrap:hover{color:var(--wpex-accent-alt);}<\/style><div class=\"vcex-icon vcex-module vcex-icon-normal wpex-float-right wpex-ml-20 vcex_69dc693131a9c\"><a href=\"https:\/\/www.opendoors.org.za\/afr\/kerkverteenwoordiger\/\" class=\"vcex-icon-link wpex-no-underline wpex-text-current wpex-hover-text-current\"><div class=\"vcex-icon-wrap wpex-inline-flex wpex-items-center wpex-justify-center wpex-leading-none wpex-transition-colors wpex-duration-200\"><span class=\"wpex-icon wpex-icon--bidi\" aria-hidden=\"true\"><svg xmlns=\"http:\/\/www.w3.org\/2000\/svg\" viewBox=\"0 0 512 512\"><path d=\"M470.6 278.6c12.5-12.5 12.5-32.8 0-45.3l-160-160c-12.5-12.5-32.8-12.5-45.3 0s-12.5 32.8 0 45.3L402.7 256 265.4 393.4c-12.5 12.5-12.5 32.8 0 45.3s32.8 12.5 45.3 0l160-160zm-352 160l160-160c12.5-12.5 12.5-32.8 0-45.3l-160-160c-12.5-12.5-32.8-12.5-45.3 0s-12.5 32.8 0 45.3L210.7 256 73.4 393.4c-12.5 12.5-12.5 32.8 0 45.3s32.8 12.5 45.3 0z\"\/><\/svg><\/span><\/div><\/a><\/div>[\/vc_column_inner][vc_column_inner width=&#8221;1\/2&#8243;]<figure class=\"vcex-image vcex-module\"><div class=\"vcex-image-inner wpex-relative wpex-inline-block\"><img width=\"400\" height=\"400\" src=\"https:\/\/www.opendoors.org.za\/wp-content\/uploads\/2025\/01\/Volunteer-5.png\" class=\"vcex-image-img wpex-align-middle\" alt=\"\" loading=\"lazy\" decoding=\"async\" srcset=\"https:\/\/www.opendoors.org.za\/wp-content\/uploads\/2025\/01\/Volunteer-5.png 400w, https:\/\/www.opendoors.org.za\/wp-content\/uploads\/2025\/01\/Volunteer-5-300x300.png 300w, https:\/\/www.opendoors.org.za\/wp-content\/uploads\/2025\/01\/Volunteer-5-150x150.png 150w, https:\/\/www.opendoors.org.za\/wp-content\/uploads\/2025\/01\/Volunteer-5-100x100.png 100w\" sizes=\"auto, (max-width: 400px) 100vw, 400px\" \/><\/div><\/figure>[\/vc_column_inner][\/vc_row_inner][\/vc_column][\/vc_row]\n<\/div>","protected":false},"excerpt":{"rendered":"<p>[vc_row full_width=&#8221;stretch_row_content_no_spaces&#8221;][vc_column][\/vc_column][\/vc_row][vc_row content_placement=&#8221;bottom&#8221; gap=&#8221;35&#8243; local_scroll_id=&#8221;more&#8221;][vc_column width=&#8221;2\/3&#8243;][vc_column_text css=&#8221;&#8221;]Verbeel jou daar is \u0149 brug wat die Suider-Afrikaanse Kerk met die vervolgde Kerk verbind, \u0149 band s\u00f3 sterk dat niks dit kan breek nie. Elke kerk in Suider-Afrika hou die vervolgde Kerk in hul harte, en vergeet nooit hul stories en gesigte nie. Dit is ons visie by&hellip;<\/p>\n","protected":false},"author":260,"featured_media":0,"parent":0,"menu_order":0,"comment_status":"closed","ping_status":"closed","template":"","meta":{"_acf_changed":false,"footnotes":""},"class_list":["post-29934","page","type-page","status-publish","hentry","entry","no-media"],"acf":[],"yoast_head":"<!-- This site is optimized with the Yoast SEO plugin v27.1.1 - https:\/\/yoast.com\/product\/yoast-seo-wordpress\/ -->\n<title>Vrywilligers - Geopende Deure<\/title>\n<meta name=\"robots\" content=\"index, follow, max-snippet:-1, max-image-preview:large, max-video-preview:-1\" \/>\n<link rel=\"canonical\" href=\"https:\/\/www.opendoors.org.za\/afr\/vrywilliger\/\" \/>\n<meta property=\"og:locale\" content=\"af_ZA\" \/>\n<meta property=\"og:type\" content=\"article\" \/>\n<meta property=\"og:title\" content=\"Vrywilligers - Geopende Deure\" \/>\n<meta property=\"og:description\" content=\"[vc_row full_width=&#8221;stretch_row_content_no_spaces&#8221;][vc_column][\/vc_column][\/vc_row][vc_row content_placement=&#8221;bottom&#8221; gap=&#8221;35&#8243; local_scroll_id=&#8221;more&#8221;][vc_column width=&#8221;2\/3&#8243;][vc_column_text css=&#8221;&#8221;]Verbeel jou daar is \u0149 brug wat die Suider-Afrikaanse Kerk met die vervolgde Kerk verbind, \u0149 band s\u00f3 sterk dat niks dit kan breek nie. Elke kerk in Suider-Afrika hou die vervolgde Kerk in hul harte, en vergeet nooit hul stories en gesigte nie. Dit is ons visie by&hellip;\" \/>\n<meta property=\"og:url\" content=\"https:\/\/www.opendoors.org.za\/afr\/vrywilliger\/\" \/>\n<meta property=\"og:site_name\" content=\"Geopende Deure\" \/>\n<meta property=\"article:modified_time\" content=\"2025-02-05T06:59:45+00:00\" \/>\n<meta name=\"twitter:card\" content=\"summary_large_image\" \/>\n<meta name=\"twitter:label1\" content=\"Est. reading time\" \/>\n\t<meta name=\"twitter:data1\" content=\"2 minutes\" \/>\n<script type=\"application\/ld+json\" class=\"yoast-schema-graph\">{\"@context\":\"https:\/\/schema.org\",\"@graph\":[{\"@type\":\"WebPage\",\"@id\":\"https:\/\/www.opendoors.org.za\/afr\/vrywilliger\/\",\"url\":\"https:\/\/www.opendoors.org.za\/afr\/vrywilliger\/\",\"name\":\"Vrywilligers - Geopende Deure\",\"isPartOf\":{\"@id\":\"https:\/\/www.opendoors.org.za\/afr\/#website\"},\"datePublished\":\"2021-11-03T08:57:11+00:00\",\"dateModified\":\"2025-02-05T06:59:45+00:00\",\"breadcrumb\":{\"@id\":\"https:\/\/www.opendoors.org.za\/afr\/vrywilliger\/#breadcrumb\"},\"inLanguage\":\"af-ZA\",\"potentialAction\":[{\"@type\":\"ReadAction\",\"target\":[\"https:\/\/www.opendoors.org.za\/afr\/vrywilliger\/\"]}]},{\"@type\":\"BreadcrumbList\",\"@id\":\"https:\/\/www.opendoors.org.za\/afr\/vrywilliger\/#breadcrumb\",\"itemListElement\":[{\"@type\":\"ListItem\",\"position\":1,\"name\":\"\",\"item\":\"https:\/\/www.opendoors.org.za\/afr\/\"},{\"@type\":\"ListItem\",\"position\":2,\"name\":\"Vrywilligers\"}]},{\"@type\":\"WebSite\",\"@id\":\"https:\/\/www.opendoors.org.za\/afr\/#website\",\"url\":\"https:\/\/www.opendoors.org.za\/afr\/\",\"name\":\"Geopende Deure\",\"description\":\"The world&#039;s largest outreach to persecuted Christians in the most high-risk places.\",\"publisher\":{\"@id\":\"https:\/\/www.opendoors.org.za\/afr\/#organization\"},\"potentialAction\":[{\"@type\":\"SearchAction\",\"target\":{\"@type\":\"EntryPoint\",\"urlTemplate\":\"https:\/\/www.opendoors.org.za\/afr\/?s={search_term_string}\"},\"query-input\":{\"@type\":\"PropertyValueSpecification\",\"valueRequired\":true,\"valueName\":\"search_term_string\"}}],\"inLanguage\":\"af-ZA\"},{\"@type\":\"Organization\",\"@id\":\"https:\/\/www.opendoors.org.za\/afr\/#organization\",\"name\":\"Geopende Deure\",\"url\":\"https:\/\/www.opendoors.org.za\/afr\/\",\"logo\":{\"@type\":\"ImageObject\",\"inLanguage\":\"af-ZA\",\"@id\":\"https:\/\/www.opendoors.org.za\/afr\/#\/schema\/logo\/image\/\",\"url\":\"https:\/\/www.opendoors.org.za\/wp-content\/uploads\/2023\/08\/Open-Doors-English-2023.png\",\"contentUrl\":\"https:\/\/www.opendoors.org.za\/wp-content\/uploads\/2023\/08\/Open-Doors-English-2023.png\",\"width\":606,\"height\":76,\"caption\":\"Geopende Deure\"},\"image\":{\"@id\":\"https:\/\/www.opendoors.org.za\/afr\/#\/schema\/logo\/image\/\"}}]}<\/script>\n<!-- \/ Yoast SEO plugin. -->","yoast_head_json":{"title":"Vrywilligers - Geopende Deure","robots":{"index":"index","follow":"follow","max-snippet":"max-snippet:-1","max-image-preview":"max-image-preview:large","max-video-preview":"max-video-preview:-1"},"canonical":"https:\/\/www.opendoors.org.za\/afr\/vrywilliger\/","og_locale":"af_ZA","og_type":"article","og_title":"Vrywilligers - Geopende Deure","og_description":"[vc_row full_width=&#8221;stretch_row_content_no_spaces&#8221;][vc_column][\/vc_column][\/vc_row][vc_row content_placement=&#8221;bottom&#8221; gap=&#8221;35&#8243; local_scroll_id=&#8221;more&#8221;][vc_column width=&#8221;2\/3&#8243;][vc_column_text css=&#8221;&#8221;]Verbeel jou daar is \u0149 brug wat die Suider-Afrikaanse Kerk met die vervolgde Kerk verbind, \u0149 band s\u00f3 sterk dat niks dit kan breek nie. Elke kerk in Suider-Afrika hou die vervolgde Kerk in hul harte, en vergeet nooit hul stories en gesigte nie. Dit is ons visie by&hellip;","og_url":"https:\/\/www.opendoors.org.za\/afr\/vrywilliger\/","og_site_name":"Geopende Deure","article_modified_time":"2025-02-05T06:59:45+00:00","twitter_card":"summary_large_image","twitter_misc":{"Est. reading time":"2 minutes"},"schema":{"@context":"https:\/\/schema.org","@graph":[{"@type":"WebPage","@id":"https:\/\/www.opendoors.org.za\/afr\/vrywilliger\/","url":"https:\/\/www.opendoors.org.za\/afr\/vrywilliger\/","name":"Vrywilligers - Geopende Deure","isPartOf":{"@id":"https:\/\/www.opendoors.org.za\/afr\/#website"},"datePublished":"2021-11-03T08:57:11+00:00","dateModified":"2025-02-05T06:59:45+00:00","breadcrumb":{"@id":"https:\/\/www.opendoors.org.za\/afr\/vrywilliger\/#breadcrumb"},"inLanguage":"af-ZA","potentialAction":[{"@type":"ReadAction","target":["https:\/\/www.opendoors.org.za\/afr\/vrywilliger\/"]}]},{"@type":"BreadcrumbList","@id":"https:\/\/www.opendoors.org.za\/afr\/vrywilliger\/#breadcrumb","itemListElement":[{"@type":"ListItem","position":1,"name":"","item":"https:\/\/www.opendoors.org.za\/afr\/"},{"@type":"ListItem","position":2,"name":"Vrywilligers"}]},{"@type":"WebSite","@id":"https:\/\/www.opendoors.org.za\/afr\/#website","url":"https:\/\/www.opendoors.org.za\/afr\/","name":"Geopende Deure","description":"The world&#039;s largest outreach to persecuted Christians in the most high-risk places.","publisher":{"@id":"https:\/\/www.opendoors.org.za\/afr\/#organization"},"potentialAction":[{"@type":"SearchAction","target":{"@type":"EntryPoint","urlTemplate":"https:\/\/www.opendoors.org.za\/afr\/?s={search_term_string}"},"query-input":{"@type":"PropertyValueSpecification","valueRequired":true,"valueName":"search_term_string"}}],"inLanguage":"af-ZA"},{"@type":"Organization","@id":"https:\/\/www.opendoors.org.za\/afr\/#organization","name":"Geopende Deure","url":"https:\/\/www.opendoors.org.za\/afr\/","logo":{"@type":"ImageObject","inLanguage":"af-ZA","@id":"https:\/\/www.opendoors.org.za\/afr\/#\/schema\/logo\/image\/","url":"https:\/\/www.opendoors.org.za\/wp-content\/uploads\/2023\/08\/Open-Doors-English-2023.png","contentUrl":"https:\/\/www.opendoors.org.za\/wp-content\/uploads\/2023\/08\/Open-Doors-English-2023.png","width":606,"height":76,"caption":"Geopende Deure"},"image":{"@id":"https:\/\/www.opendoors.org.za\/afr\/#\/schema\/logo\/image\/"}}]}},"_links":{"self":[{"href":"https:\/\/www.opendoors.org.za\/afr\/wp-json\/wp\/v2\/pages\/29934","targetHints":{"allow":["GET"]}}],"collection":[{"href":"https:\/\/www.opendoors.org.za\/afr\/wp-json\/wp\/v2\/pages"}],"about":[{"href":"https:\/\/www.opendoors.org.za\/afr\/wp-json\/wp\/v2\/types\/page"}],"author":[{"embeddable":true,"href":"https:\/\/www.opendoors.org.za\/afr\/wp-json\/wp\/v2\/users\/260"}],"replies":[{"embeddable":true,"href":"https:\/\/www.opendoors.org.za\/afr\/wp-json\/wp\/v2\/comments?post=29934"}],"version-history":[{"count":0,"href":"https:\/\/www.opendoors.org.za\/afr\/wp-json\/wp\/v2\/pages\/29934\/revisions"}],"wp:attachment":[{"href":"https:\/\/www.opendoors.org.za\/afr\/wp-json\/wp\/v2\/media?parent=29934"}],"curies":[{"name":"wp","href":"https:\/\/api.w.org\/{rel}","templated":true}]}}