{"id":28715,"date":"2021-08-19T08:43:15","date_gmt":"2021-08-19T06:43:15","guid":{"rendered":"https:\/\/www.opendoors.org.za\/?page_id=28715"},"modified":"2021-08-19T08:49:35","modified_gmt":"2021-08-19T06:49:35","slug":"sfti-e2108","status":"publish","type":"page","link":"https:\/\/www.opendoors.org.za\/afr\/sfti-e2108\/","title":{"rendered":"Stand for truth India &#8211; e2108"},"content":{"rendered":"<div class=\"wpb-content-wrapper\">[vc_row full_width=&#8221;stretch_row&#8221; column_spacing=&#8221;0px&#8221; equal_height=&#8221;yes&#8221; remove_bottom_col_margin=&#8221;true&#8221; wpex_bg_overlay=&#8221;custom&#8221; css=&#8221;.vc_custom_1623755451876{background-color: #000000 !important;}&#8221; wpex_bg_overlay_image=&#8221;27899&#8243; wpex_bg_overlay_opacity=&#8221;1&#8243;][vc_column][vc_single_image image=&#8221;28037&#8243; visibility=&#8221;hidden-phone&#8221;][vc_single_image image=&#8221;28039&#8243; visibility=&#8221;visible-phone&#8221;][\/vc_column][\/vc_row][vc_row full_width=&#8221;stretch_row&#8221; column_spacing=&#8221;0px&#8221; equal_height=&#8221;yes&#8221; remove_bottom_col_margin=&#8221;true&#8221; wpex_bg_overlay=&#8221;custom&#8221; css=&#8221;.vc_custom_1623755451876{background-color: #000000 !important;}&#8221; wpex_bg_overlay_image=&#8221;27899&#8243; wpex_bg_overlay_opacity=&#8221;1&#8243;][vc_column width=&#8221;1\/2&#8243;]<style>.vcex-multi-buttons.vcex_69d2a5ff22537 .theme-button,.vcex-multi-buttons.vcex_69d2a5ff22537 .theme-txt-link{width:170px;padding-block:20px;padding-inline:12px;border-radius:8px;border-width:2px;font-size:20px;line-height:20;}@media (max-width:767px){.vcex-multi-buttons.vcex_69d2a5ff22537 .theme-button,.vcex-multi-buttons.vcex_69d2a5ff22537 .theme-txt-link{font-size:14px;}}@media (max-width:479px){.vcex-multi-buttons.vcex_69d2a5ff22537 .theme-button,.vcex-multi-buttons.vcex_69d2a5ff22537 .theme-txt-link{font-size:14px;}}<\/style><div class=\"vcex-multi-buttons wpex-flex wpex-flex-wrap wpex-items-center wpex-gap-10 wpex-justify-end vcex_69d2a5ff22537\"><a href=\"https:\/\/www.opendoors.org.za\/afr\/stand-for-truth-india\/\" class=\"theme-button flat pink outline-transparent wpex-text-center vcex-count-1\" style=\"background:#0a0a0a;\" data-wpex-hover=\"{&quot;background&quot;:&quot;#0a0a0a&quot;}\">TUIS<\/a><a href=\"https:\/\/www.opendoors.org.za\/afr\/stand-for-truth-india-gebed\/\" class=\"theme-button flat outline-transparent wpex-text-center vcex-count-2\" style=\"background:#6b3267;\" data-wpex-hover=\"{&quot;background&quot;:&quot;#0a0a0a&quot;}\">GEBED<\/a><a href=\"https:\/\/www.opendoors.org.za\/afr\/stand-for-truth-india-gee\/\" class=\"theme-button flat outline-transparent wpex-text-center vcex-count-3\" style=\"background:#6b3267;\" data-wpex-hover=\"{&quot;background&quot;:&quot;#0a0a0a&quot;}\">GEE<\/a><\/div>[\/vc_column][vc_column width=&#8221;1\/2&#8243;]<style>.vcex-multi-buttons.vcex_69d2a5ff22865 .theme-button,.vcex-multi-buttons.vcex_69d2a5ff22865 .theme-txt-link{width:260px;padding-block:20px;padding-inline:12px;border-radius:8px;font-size:20px;line-height:20;}@media (max-width:767px){.vcex-multi-buttons.vcex_69d2a5ff22865 .theme-button,.vcex-multi-buttons.vcex_69d2a5ff22865 .theme-txt-link{font-size:14px;}}@media (max-width:479px){.vcex-multi-buttons.vcex_69d2a5ff22865 .theme-button,.vcex-multi-buttons.vcex_69d2a5ff22865 .theme-txt-link{font-size:14px;}}<\/style><div class=\"vcex-multi-buttons wpex-flex wpex-flex-wrap wpex-items-center wpex-gap-10 wpex-justify-end vcex_69d2a5ff22865\"><a href=\"https:\/\/www.opendoors.org.za\/afr\/stand-for-truth-india-gebruik-jou-stem\/\" class=\"theme-button flat outline-transparent wpex-text-center vcex-count-1\" style=\"background:#6b3267;\" data-wpex-hover=\"{&quot;background&quot;:&quot;#0a0a0a&quot;}\">GEBRUIK JOU STEM<\/a><a href=\"https:\/\/www.opendoors.org.za\/afr\/stand-for-truth-india-versoek-n-spreker\/\" class=\"theme-button flat outline-transparent wpex-text-center vcex-count-2\" style=\"background:#6b3267;\" data-wpex-hover=\"{&quot;background&quot;:&quot;#0a0a0a&quot;}\">VERSOEK 'N SPREKER<\/a><\/div><div class=\"vcex-spacing wpex-w-100 wpex-clear\" style=\"height:5px;\"><\/div>[\/vc_column][\/vc_row][vc_row][vc_column width=&#8221;2\/3&#8243;]<div class=\"vcex-spacing wpex-w-100 wpex-clear\" style=\"height:20px;\"><\/div>[vc_column_text]\n<h2>Propaganda, Vervolging, Pandemie\u2026<\/h2>\n<p>Die Kerk in Indi\u00eb is in &#8216;n krisis \u2013 dis tans die 10de gevaarlikste plek in die w\u00eareld vir Christene*.<\/p>\n<p>Te midde van die Covid-pandemie het die gewelddadige vervolging van Christene in die w\u00eareld se grootste demokrasie voortgeduur. In \u0149 geko\u00f6rdineerde poging deur Hindoe-ekstremiste om Christenskap uit te wis. Die krisis in Indi\u00eb gaan oor meer as net die pandemie.<\/p>\n<p>Daar is \u0149 storie wat nie vertel word nie: Gewelddadige vervolging van Christene wat aangehits word deur leuens en propaganda. Die plan deur Hindoe-ekstremiste om Christenskap en ander gelowe in Indi\u00eb uit te roei. Die Kerk in Indi\u00eb word stilgemaak, hulle benodig ons stem.<\/p>\n<p>Hierdie is \u0149 noodkreet\u2026 Dit mag dalk ons laaste kans wees om namens ons broers en susters in Indi\u00eb te praat namate die situasie teen hulle vererger. Dit is ondenkbaar dat die Kerk in die w\u00eareld se grootste demokrasie vernietig kan word.<\/p>\n<p>&nbsp;<\/p>\n<p style=\"text-align: right;\">*Volgens die Geopende Deure 2021 W\u00eareldwaarnemingslys.<\/p>\n[\/vc_column_text]<div class=\"vcex-spacing wpex-w-100 wpex-clear\" style=\"height:20px;\"><\/div>[\/vc_column][vc_column width=&#8221;1\/12&#8243;][\/vc_column][vc_column width=&#8221;1\/4&#8243;]<div class=\"vcex-spacing wpex-w-100 wpex-clear\" style=\"height:20px;\"><\/div><style>.vcex-teaser.vcex_69d2a5ff23140 .vcex-teaser-heading{color:#ffffff;}.vcex-teaser.vcex_69d2a5ff23140 .vcex-teaser-content{background:#6b3267;}.vcex-teaser.vcex_69d2a5ff23140 .vcex-teaser-text{color:#ffffff;}<\/style><div class=\"vcex-module vcex-teaser vcex-teaser-two wpex-flex wpex-flex-col hvr hvr-shadow wpex-surface-2 wpex-p-20 wpex-rounded vc_custom_1625219978578 vcex_69d2a5ff23140\" style=\"background:#6b3267;\"><div class=\"vcex-teaser-media wpex-mb-20\"><a href=\"https:\/\/www.opendoors.org.za\/wp-content\/uploads\/2021\/07\/LSE-report-Destructive-Lies-Executive-Summary-DIGITAL-PDF-preview.pdf\" class=\"wpex-no-underline\" target=\"_blank\" rel=\"noopener noreferrer\"><img width=\"400\" height=\"566\" src=\"https:\/\/www.opendoors.org.za\/wp-content\/uploads\/2021\/07\/LSE-report-Destructive-Lies-Cover-Page.png\" class=\"wpex-align-middle\" alt=\"\" loading=\"lazy\" decoding=\"async\" srcset=\"https:\/\/www.opendoors.org.za\/wp-content\/uploads\/2021\/07\/LSE-report-Destructive-Lies-Cover-Page.png 400w, https:\/\/www.opendoors.org.za\/wp-content\/uploads\/2021\/07\/LSE-report-Destructive-Lies-Cover-Page-212x300.png 212w\" sizes=\"auto, (max-width: 400px) 100vw, 400px\" \/><\/a><\/div><div class=\"vcex-teaser-content\"><h3 class=\"vcex-teaser-heading wpex-heading wpex-text-lg wpex-child-inherit-color\"><a href=\"https:\/\/www.opendoors.org.za\/wp-content\/uploads\/2021\/07\/LSE-report-Destructive-Lies-Executive-Summary-DIGITAL-PDF-preview.pdf\" class=\"wpex-no-underline\" target=\"_blank\" rel=\"noopener noreferrer\">Sopas vrygestel<\/a><\/h3><div class=\"vcex-teaser-text wpex-mt-10 wpex-last-mb-0 wpex-clr\"><p>Skokkende nuwe verslag van die London School of Economics (LSE), wat die uiterste vervolging wat Christene en Moslems ervaar beskryf. Gewelddadige groepe Hindoe-nasionaliste is hiervoor verantwoordelik.<\/p>\n<\/div><\/div><\/div>[\/vc_column][\/vc_row][vc_row full_width=&#8221;stretch_row&#8221; wpex_bg_overlay=&#8221;color&#8221; wpex_bg_overlay_color=&#8221;#fafafa&#8221; wpex_bg_overlay_opacity=&#8221;1&#8243;][vc_column]<div class=\"vcex-spacing wpex-w-100 wpex-clear\" style=\"height:20px;\"><\/div>[vc_column_text]\n<h2>Hierdie w\u00eareldwye veldtog poog om:<\/h2>\n[\/vc_column_text][\/vc_column][\/vc_row][vc_row full_width=&#8221;stretch_row&#8221; equal_height=&#8221;yes&#8221; wpex_bg_overlay=&#8221;color&#8221; wpex_bg_overlay_color=&#8221;#fafafa&#8221; wpex_bg_overlay_opacity=&#8221;1&#8243;][vc_column width=&#8221;1\/3&#8243;]<style>.vcex-teaser.vcex_69d2a5ff23d23 .vcex-teaser-heading{color:#ffffff;}.vcex-teaser.vcex_69d2a5ff23d23 .vcex-teaser-content{background:#6b3267;}.vcex-teaser.vcex_69d2a5ff23d23 .vcex-teaser-text{color:#ffffff;}<\/style><div class=\"vcex-module vcex-teaser vcex-teaser-two wpex-flex wpex-flex-col hvr hvr-shadow wpex-surface-2 wpex-p-20 wpex-rounded vc_custom_1623395460284 vcex_69d2a5ff23d23\" style=\"background:#6b3267;\"><div class=\"vcex-teaser-content\"><h3 class=\"vcex-teaser-heading wpex-heading wpex-text-lg\">Die Kerk in Indi\u00eb se verhaal te verander.<\/h3><div class=\"vcex-teaser-text wpex-mt-10 wpex-last-mb-0 wpex-clr\"><p>Christene word deur baie Hindoes as verraaiers of buitelandse spioene gesien wat Hindoe\u00efsme ondermyn.<\/p>\n<\/div><\/div><\/div>[\/vc_column][vc_column width=&#8221;1\/3&#8243;]<style>.vcex-teaser.vcex_69d2a5ff240ef .vcex-teaser-heading{color:#ffffff;}.vcex-teaser.vcex_69d2a5ff240ef .vcex-teaser-content{background:#6b3267;}.vcex-teaser.vcex_69d2a5ff240ef .vcex-teaser-text{color:#ffffff;}<\/style><div class=\"vcex-module vcex-teaser vcex-teaser-two wpex-flex wpex-flex-col hvr hvr-shadow wpex-surface-2 wpex-p-20 wpex-rounded vc_custom_1623395721769 vcex_69d2a5ff240ef\" style=\"background:#6b3267;\"><div class=\"vcex-teaser-content\"><h3 class=\"vcex-teaser-heading wpex-heading wpex-text-lg\">Die Kerk te help om die diskriminasie en vervolging te oorleef <\/h3><div class=\"vcex-teaser-text wpex-mt-10 wpex-last-mb-0 wpex-clr\"><p>sodat hulle kan voortgaan om sout en lig in die land te wees.<\/p>\n<\/div><\/div><\/div>[\/vc_column][vc_column width=&#8221;1\/3&#8243;]<style>.vcex-teaser.vcex_69d2a5ff24481 .vcex-teaser-heading{color:#ffffff;}.vcex-teaser.vcex_69d2a5ff24481 .vcex-teaser-content{background:#6b3267;}.vcex-teaser.vcex_69d2a5ff24481 .vcex-teaser-text{color:#ffffff;}<\/style><div class=\"vcex-module vcex-teaser vcex-teaser-two wpex-flex wpex-flex-col hvr hvr-shadow wpex-surface-2 wpex-p-20 wpex-rounded vc_custom_1623395522478 vcex_69d2a5ff24481\" style=\"background:#6b3267;\"><div class=\"vcex-teaser-content\"><h3 class=\"vcex-teaser-heading wpex-heading wpex-text-lg\">Bewustheid te skep <\/h3><div class=\"vcex-teaser-text wpex-mt-10 wpex-last-mb-0 wpex-clr\"><p>oor die situasie wat Christene en ander geloofsminderhede in Indi\u00eb in die gesig staar.<\/p>\n<\/div><\/div><\/div>[\/vc_column][\/vc_row][vc_row full_width=&#8221;stretch_row&#8221; wpex_bg_overlay=&#8221;color&#8221; wpex_bg_overlay_opacity=&#8221;1&#8243; css=&#8221;.vc_custom_1623333424184{margin-right: 0px !important;margin-left: 0px !important;}&#8221;][vc_column]<div class=\"vcex-spacing wpex-w-100 wpex-clear\" style=\"height:50px;\"><\/div>[vc_column_text color=&#8221;#ffffff&#8221;]\n<h2 style=\"text-align: center;\">Vandag kan jy help om hulle verhaal te verander.<\/h2>\n<p style=\"text-align: center;\">Help die Kerk in Indi\u00eb om te oorleef en sterk te staan. Drie maniere hoe jy kan optree:<\/p>\n[\/vc_column_text][\/vc_column][\/vc_row][vc_row full_width=&#8221;stretch_row&#8221; equal_height=&#8221;yes&#8221; wpex_bg_overlay=&#8221;color&#8221; wpex_bg_overlay_opacity=&#8221;1&#8243;][vc_column width=&#8221;1\/3&#8243;]<style>.vcex-multi-buttons.vcex_69d2a5ff246dd .theme-button,.vcex-multi-buttons.vcex_69d2a5ff246dd .theme-txt-link{width:250px;padding-block:25px;padding-inline:15px;border-radius:15px;font-size:20px;line-height:25;}<\/style><div class=\"vcex-multi-buttons wpex-flex wpex-flex-wrap wpex-items-center wpex-gap-10 wpex-justify-center vcex_69d2a5ff246dd\"><a href=\"https:\/\/www.opendoors.org.za\/afr\/stand-for-truth-india-gebed\" class=\"theme-button flat outline-transparent wpex-text-center  wpb_animate_when_almost_visible wpb_fadeIn fadeIn vcex-count-1\" style=\"background:#6b3267;\" data-wpex-hover=\"{&quot;background&quot;:&quot;#0a0a0a&quot;}\">GEBED<\/a><\/div><div class=\"vcex-spacing wpex-w-100 wpex-clear\" style=\"height:20px;\"><\/div>[vc_column_text color=&#8221;#ffffff&#8221;]\n<p style=\"text-align: center;\">Wees deel van ons maand (31 dae) van gebed vir Indi\u00eb.<\/p>\n[\/vc_column_text]<div class=\"vcex-spacing wpex-w-100 wpex-clear\" style=\"height:20px;\"><\/div>[\/vc_column][vc_column width=&#8221;1\/3&#8243;]<style>.vcex-multi-buttons.vcex_69d2a5ff249b6 .theme-button,.vcex-multi-buttons.vcex_69d2a5ff249b6 .theme-txt-link{width:250px;padding-block:25px;padding-inline:15px;border-radius:15px;font-size:20px;line-height:25;}<\/style><div class=\"vcex-multi-buttons wpex-flex wpex-flex-wrap wpex-items-center wpex-gap-10 wpex-justify-center vcex_69d2a5ff249b6\"><a href=\"https:\/\/www.opendoors.org.za\/afr\/stand-for-truth-india-gee\" class=\"theme-button flat outline-transparent wpex-text-center  wpb_animate_when_almost_visible wpb_fadeIn fadeIn vcex-count-1\" style=\"background:#6b3267;\" data-wpex-hover=\"{&quot;background&quot;:&quot;#0a0a0a&quot;}\">GEE<\/a><\/div><div class=\"vcex-spacing wpex-w-100 wpex-clear\" style=\"height:20px;\"><\/div>[vc_column_text color=&#8221;#ffffff&#8221;]\n<p style=\"text-align: center;\">Gee \u0149 geskenk as jy in staat is.<\/p>\n[\/vc_column_text]<div class=\"vcex-spacing wpex-w-100 wpex-clear\" style=\"height:20px;\"><\/div>[\/vc_column][vc_column width=&#8221;1\/3&#8243;]<style>.vcex-multi-buttons.vcex_69d2a5ff24c9c .theme-button,.vcex-multi-buttons.vcex_69d2a5ff24c9c .theme-txt-link{width:250px;padding-block:25px;padding-inline:15px;border-radius:15px;font-size:20px;line-height:25;}<\/style><div class=\"vcex-multi-buttons wpex-flex wpex-flex-wrap wpex-items-center wpex-gap-10 wpex-justify-center vcex_69d2a5ff24c9c\"><a href=\"https:\/\/www.opendoors.org.za\/afr\/stand-for-truth-india-gebruik-jou-stem\" class=\"theme-button flat outline-transparent wpex-text-center  wpb_animate_when_almost_visible wpb_fadeIn fadeIn vcex-count-1\" style=\"background:#6b3267;\" data-wpex-hover=\"{&quot;background&quot;:&quot;#0a0a0a&quot;}\">GEBRUIK JOU STEM<\/a><\/div><div class=\"vcex-spacing wpex-w-100 wpex-clear\" style=\"height:20px;\"><\/div>[vc_column_text color=&#8221;#ffffff&#8221;]\n<p style=\"text-align: center;\">Staan vir die waarheid en verhef jou stem vir die Kerk in Indi\u00eb.<\/p>\n[\/vc_column_text]<div class=\"vcex-spacing wpex-w-100 wpex-clear\" style=\"height:20px;\"><\/div>[\/vc_column][\/vc_row][vc_row][vc_column width=&#8221;1\/2&#8243;]<div class=\"vcex-spacing wpex-w-100 wpex-clear\" style=\"height:40px;\"><\/div>[vc_column_text color=&#8221;#000000&#8243;]\n<h2 style=\"text-align: left;\">Kyk<\/h2>\n<p style=\"text-align: left;\">Hierdie is &#8216;n video van &#8216;n gelowige vrou in Indi\u00eb wat vir haar geloof in Christus gedreig word deur Hindoes.<\/p>\n[\/vc_column_text][\/vc_column][vc_column width=&#8221;1\/2&#8243;]<div class=\"vcex-spacing wpex-w-100 wpex-clear\" style=\"height:40px;\"><\/div>[vc_video link=&#8221;https:\/\/www.youtube.com\/watch?v=J89Srl8gOpg&#8221;][\/vc_column][\/vc_row]\n<\/div>","protected":false},"excerpt":{"rendered":"<p>[vc_row full_width=&#8221;stretch_row&#8221; column_spacing=&#8221;0px&#8221; equal_height=&#8221;yes&#8221; remove_bottom_col_margin=&#8221;true&#8221; wpex_bg_overlay=&#8221;custom&#8221; css=&#8221;.vc_custom_1623755451876{background-color: #000000 !important;}&#8221; wpex_bg_overlay_image=&#8221;27899&#8243; wpex_bg_overlay_opacity=&#8221;1&#8243;][vc_column][vc_single_image image=&#8221;28037&#8243; visibility=&#8221;hidden-phone&#8221;][vc_single_image image=&#8221;28039&#8243; visibility=&#8221;visible-phone&#8221;][\/vc_column][\/vc_row][vc_row full_width=&#8221;stretch_row&#8221; column_spacing=&#8221;0px&#8221; equal_height=&#8221;yes&#8221; remove_bottom_col_margin=&#8221;true&#8221; wpex_bg_overlay=&#8221;custom&#8221; css=&#8221;.vc_custom_1623755451876{background-color: #000000 !important;}&#8221; wpex_bg_overlay_image=&#8221;27899&#8243; wpex_bg_overlay_opacity=&#8221;1&#8243;][vc_column width=&#8221;1\/2&#8243;][\/vc_column][vc_column width=&#8221;1\/2&#8243;][\/vc_column][\/vc_row][vc_row][vc_column width=&#8221;2\/3&#8243;][vc_column_text] Propaganda, Vervolging, Pandemie\u2026 Die Kerk in Indi\u00eb is in &#8216;n krisis \u2013 dis tans die 10de gevaarlikste plek in die w\u00eareld vir Christene*. Te midde van die&hellip;<\/p>\n","protected":false},"author":260,"featured_media":0,"parent":0,"menu_order":0,"comment_status":"closed","ping_status":"closed","template":"","meta":{"_acf_changed":false,"footnotes":""},"class_list":["post-28715","page","type-page","status-publish","hentry","entry","no-media"],"acf":[],"yoast_head":"<!-- This site is optimized with the Yoast SEO plugin v27.1.1 - https:\/\/yoast.com\/product\/yoast-seo-wordpress\/ -->\n<title>Stand for truth India - e2108 - Geopende Deure<\/title>\n<meta name=\"robots\" content=\"index, follow, max-snippet:-1, max-image-preview:large, max-video-preview:-1\" \/>\n<link rel=\"canonical\" href=\"https:\/\/www.opendoors.org.za\/afr\/sfti-e2108\/\" \/>\n<meta property=\"og:locale\" content=\"af_ZA\" \/>\n<meta property=\"og:type\" content=\"article\" \/>\n<meta property=\"og:title\" content=\"Stand for truth India - e2108 - Geopende Deure\" \/>\n<meta property=\"og:description\" content=\"[vc_row full_width=&#8221;stretch_row&#8221; column_spacing=&#8221;0px&#8221; equal_height=&#8221;yes&#8221; remove_bottom_col_margin=&#8221;true&#8221; wpex_bg_overlay=&#8221;custom&#8221; css=&#8221;.vc_custom_1623755451876{background-color: #000000 !important;}&#8221; wpex_bg_overlay_image=&#8221;27899&#8243; wpex_bg_overlay_opacity=&#8221;1&#8243;][vc_column][vc_single_image image=&#8221;28037&#8243; visibility=&#8221;hidden-phone&#8221;][vc_single_image image=&#8221;28039&#8243; visibility=&#8221;visible-phone&#8221;][\/vc_column][\/vc_row][vc_row full_width=&#8221;stretch_row&#8221; column_spacing=&#8221;0px&#8221; equal_height=&#8221;yes&#8221; remove_bottom_col_margin=&#8221;true&#8221; wpex_bg_overlay=&#8221;custom&#8221; css=&#8221;.vc_custom_1623755451876{background-color: #000000 !important;}&#8221; wpex_bg_overlay_image=&#8221;27899&#8243; wpex_bg_overlay_opacity=&#8221;1&#8243;][vc_column width=&#8221;1\/2&#8243;][\/vc_column][vc_column width=&#8221;1\/2&#8243;][\/vc_column][\/vc_row][vc_row][vc_column width=&#8221;2\/3&#8243;][vc_column_text] Propaganda, Vervolging, Pandemie\u2026 Die Kerk in Indi\u00eb is in &#8216;n krisis \u2013 dis tans die 10de gevaarlikste plek in die w\u00eareld vir Christene*. Te midde van die&hellip;\" \/>\n<meta property=\"og:url\" content=\"https:\/\/www.opendoors.org.za\/afr\/sfti-e2108\/\" \/>\n<meta property=\"og:site_name\" content=\"Geopende Deure\" \/>\n<meta property=\"article:modified_time\" content=\"2021-08-19T06:49:35+00:00\" \/>\n<meta name=\"twitter:card\" content=\"summary_large_image\" \/>\n<meta name=\"twitter:label1\" content=\"Est. reading time\" \/>\n\t<meta name=\"twitter:data1\" content=\"7 minutes\" \/>\n<script type=\"application\/ld+json\" class=\"yoast-schema-graph\">{\"@context\":\"https:\/\/schema.org\",\"@graph\":[{\"@type\":\"WebPage\",\"@id\":\"https:\/\/www.opendoors.org.za\/afr\/sfti-e2108\/\",\"url\":\"https:\/\/www.opendoors.org.za\/afr\/sfti-e2108\/\",\"name\":\"Stand for truth India - e2108 - Geopende Deure\",\"isPartOf\":{\"@id\":\"https:\/\/www.opendoors.org.za\/afr\/#website\"},\"datePublished\":\"2021-08-19T06:43:15+00:00\",\"dateModified\":\"2021-08-19T06:49:35+00:00\",\"breadcrumb\":{\"@id\":\"https:\/\/www.opendoors.org.za\/afr\/sfti-e2108\/#breadcrumb\"},\"inLanguage\":\"af-ZA\",\"potentialAction\":[{\"@type\":\"ReadAction\",\"target\":[\"https:\/\/www.opendoors.org.za\/afr\/sfti-e2108\/\"]}]},{\"@type\":\"BreadcrumbList\",\"@id\":\"https:\/\/www.opendoors.org.za\/afr\/sfti-e2108\/#breadcrumb\",\"itemListElement\":[{\"@type\":\"ListItem\",\"position\":1,\"name\":\"\",\"item\":\"https:\/\/www.opendoors.org.za\/afr\/\"},{\"@type\":\"ListItem\",\"position\":2,\"name\":\"Stand for truth India &#8211; e2108\"}]},{\"@type\":\"WebSite\",\"@id\":\"https:\/\/www.opendoors.org.za\/afr\/#website\",\"url\":\"https:\/\/www.opendoors.org.za\/afr\/\",\"name\":\"Geopende Deure\",\"description\":\"The world&#039;s largest outreach to persecuted Christians in the most high-risk places.\",\"publisher\":{\"@id\":\"https:\/\/www.opendoors.org.za\/afr\/#organization\"},\"potentialAction\":[{\"@type\":\"SearchAction\",\"target\":{\"@type\":\"EntryPoint\",\"urlTemplate\":\"https:\/\/www.opendoors.org.za\/afr\/?s={search_term_string}\"},\"query-input\":{\"@type\":\"PropertyValueSpecification\",\"valueRequired\":true,\"valueName\":\"search_term_string\"}}],\"inLanguage\":\"af-ZA\"},{\"@type\":\"Organization\",\"@id\":\"https:\/\/www.opendoors.org.za\/afr\/#organization\",\"name\":\"Geopende Deure\",\"url\":\"https:\/\/www.opendoors.org.za\/afr\/\",\"logo\":{\"@type\":\"ImageObject\",\"inLanguage\":\"af-ZA\",\"@id\":\"https:\/\/www.opendoors.org.za\/afr\/#\/schema\/logo\/image\/\",\"url\":\"https:\/\/www.opendoors.org.za\/wp-content\/uploads\/2023\/08\/Open-Doors-English-2023.png\",\"contentUrl\":\"https:\/\/www.opendoors.org.za\/wp-content\/uploads\/2023\/08\/Open-Doors-English-2023.png\",\"width\":606,\"height\":76,\"caption\":\"Geopende Deure\"},\"image\":{\"@id\":\"https:\/\/www.opendoors.org.za\/afr\/#\/schema\/logo\/image\/\"}}]}<\/script>\n<!-- \/ Yoast SEO plugin. -->","yoast_head_json":{"title":"Stand for truth India - e2108 - Geopende Deure","robots":{"index":"index","follow":"follow","max-snippet":"max-snippet:-1","max-image-preview":"max-image-preview:large","max-video-preview":"max-video-preview:-1"},"canonical":"https:\/\/www.opendoors.org.za\/afr\/sfti-e2108\/","og_locale":"af_ZA","og_type":"article","og_title":"Stand for truth India - e2108 - Geopende Deure","og_description":"[vc_row full_width=&#8221;stretch_row&#8221; column_spacing=&#8221;0px&#8221; equal_height=&#8221;yes&#8221; remove_bottom_col_margin=&#8221;true&#8221; wpex_bg_overlay=&#8221;custom&#8221; css=&#8221;.vc_custom_1623755451876{background-color: #000000 !important;}&#8221; wpex_bg_overlay_image=&#8221;27899&#8243; wpex_bg_overlay_opacity=&#8221;1&#8243;][vc_column][vc_single_image image=&#8221;28037&#8243; visibility=&#8221;hidden-phone&#8221;][vc_single_image image=&#8221;28039&#8243; visibility=&#8221;visible-phone&#8221;][\/vc_column][\/vc_row][vc_row full_width=&#8221;stretch_row&#8221; column_spacing=&#8221;0px&#8221; equal_height=&#8221;yes&#8221; remove_bottom_col_margin=&#8221;true&#8221; wpex_bg_overlay=&#8221;custom&#8221; css=&#8221;.vc_custom_1623755451876{background-color: #000000 !important;}&#8221; wpex_bg_overlay_image=&#8221;27899&#8243; wpex_bg_overlay_opacity=&#8221;1&#8243;][vc_column width=&#8221;1\/2&#8243;][\/vc_column][vc_column width=&#8221;1\/2&#8243;][\/vc_column][\/vc_row][vc_row][vc_column width=&#8221;2\/3&#8243;][vc_column_text] Propaganda, Vervolging, Pandemie\u2026 Die Kerk in Indi\u00eb is in &#8216;n krisis \u2013 dis tans die 10de gevaarlikste plek in die w\u00eareld vir Christene*. Te midde van die&hellip;","og_url":"https:\/\/www.opendoors.org.za\/afr\/sfti-e2108\/","og_site_name":"Geopende Deure","article_modified_time":"2021-08-19T06:49:35+00:00","twitter_card":"summary_large_image","twitter_misc":{"Est. reading time":"7 minutes"},"schema":{"@context":"https:\/\/schema.org","@graph":[{"@type":"WebPage","@id":"https:\/\/www.opendoors.org.za\/afr\/sfti-e2108\/","url":"https:\/\/www.opendoors.org.za\/afr\/sfti-e2108\/","name":"Stand for truth India - e2108 - Geopende Deure","isPartOf":{"@id":"https:\/\/www.opendoors.org.za\/afr\/#website"},"datePublished":"2021-08-19T06:43:15+00:00","dateModified":"2021-08-19T06:49:35+00:00","breadcrumb":{"@id":"https:\/\/www.opendoors.org.za\/afr\/sfti-e2108\/#breadcrumb"},"inLanguage":"af-ZA","potentialAction":[{"@type":"ReadAction","target":["https:\/\/www.opendoors.org.za\/afr\/sfti-e2108\/"]}]},{"@type":"BreadcrumbList","@id":"https:\/\/www.opendoors.org.za\/afr\/sfti-e2108\/#breadcrumb","itemListElement":[{"@type":"ListItem","position":1,"name":"","item":"https:\/\/www.opendoors.org.za\/afr\/"},{"@type":"ListItem","position":2,"name":"Stand for truth India &#8211; e2108"}]},{"@type":"WebSite","@id":"https:\/\/www.opendoors.org.za\/afr\/#website","url":"https:\/\/www.opendoors.org.za\/afr\/","name":"Geopende Deure","description":"The world&#039;s largest outreach to persecuted Christians in the most high-risk places.","publisher":{"@id":"https:\/\/www.opendoors.org.za\/afr\/#organization"},"potentialAction":[{"@type":"SearchAction","target":{"@type":"EntryPoint","urlTemplate":"https:\/\/www.opendoors.org.za\/afr\/?s={search_term_string}"},"query-input":{"@type":"PropertyValueSpecification","valueRequired":true,"valueName":"search_term_string"}}],"inLanguage":"af-ZA"},{"@type":"Organization","@id":"https:\/\/www.opendoors.org.za\/afr\/#organization","name":"Geopende Deure","url":"https:\/\/www.opendoors.org.za\/afr\/","logo":{"@type":"ImageObject","inLanguage":"af-ZA","@id":"https:\/\/www.opendoors.org.za\/afr\/#\/schema\/logo\/image\/","url":"https:\/\/www.opendoors.org.za\/wp-content\/uploads\/2023\/08\/Open-Doors-English-2023.png","contentUrl":"https:\/\/www.opendoors.org.za\/wp-content\/uploads\/2023\/08\/Open-Doors-English-2023.png","width":606,"height":76,"caption":"Geopende Deure"},"image":{"@id":"https:\/\/www.opendoors.org.za\/afr\/#\/schema\/logo\/image\/"}}]}},"_links":{"self":[{"href":"https:\/\/www.opendoors.org.za\/afr\/wp-json\/wp\/v2\/pages\/28715","targetHints":{"allow":["GET"]}}],"collection":[{"href":"https:\/\/www.opendoors.org.za\/afr\/wp-json\/wp\/v2\/pages"}],"about":[{"href":"https:\/\/www.opendoors.org.za\/afr\/wp-json\/wp\/v2\/types\/page"}],"author":[{"embeddable":true,"href":"https:\/\/www.opendoors.org.za\/afr\/wp-json\/wp\/v2\/users\/260"}],"replies":[{"embeddable":true,"href":"https:\/\/www.opendoors.org.za\/afr\/wp-json\/wp\/v2\/comments?post=28715"}],"version-history":[{"count":0,"href":"https:\/\/www.opendoors.org.za\/afr\/wp-json\/wp\/v2\/pages\/28715\/revisions"}],"wp:attachment":[{"href":"https:\/\/www.opendoors.org.za\/afr\/wp-json\/wp\/v2\/media?parent=28715"}],"curies":[{"name":"wp","href":"https:\/\/api.w.org\/{rel}","templated":true}]}}