{"id":17439,"date":"2019-05-31T08:38:43","date_gmt":"2019-05-31T06:38:43","guid":{"rendered":"https:\/\/www.opendoors.org.za\/?page_id=17439"},"modified":"2019-05-31T08:47:14","modified_gmt":"2019-05-31T06:47:14","slug":"die-loopgraaf-ffidl1906","status":"publish","type":"page","link":"https:\/\/www.opendoors.org.za\/afr\/die-loopgraaf-ffidl1906\/","title":{"rendered":"In die loopgraaf &#8211; ffidl1906"},"content":{"rendered":"<div class=\"wpb-content-wrapper\">[vc_row][vc_column]<div class=\"vcex-spacing wpex-w-100 wpex-clear\" style=\"height:20px;\"><\/div><style>.vcex-heading.vcex_69d746672f63e{color:#770606;}<\/style><h1 class=\"vcex-heading vcex-heading-plain vcex-module wpex-heading wpex-text-2xl wpex-h1 wpex-text-center vcex_69d746672f63e\"><span class=\"vcex-heading-inner wpex-inline-block\">Sluit hierdie maand by ons aan vir \u2018Impak Indi\u00eb\u2019<\/span><\/h1>[\/vc_column][\/vc_row][vc_row][vc_column width=&#8221;1\/3&#8243;]<div class=\"vcex-spacing wpex-w-100 wpex-clear\" style=\"height:20px;\"><\/div>[vc_single_image image=&#8221;17378&#8243; style=&#8221;vc_box_shadow_3d&#8221;][\/vc_column][vc_column width=&#8221;2\/3&#8243;][vc_column_text]Hindoe-nasionaliste het \u0149 blitsige en ge\u00efntegreerde aanslag begin tot die Hindo\u00ebisering van Indi\u00eb, wat elke area van die publieke lewe affekteer. Hulle glo dat indien jy nie \u0149 Hindoe is nie, jy ook nie \u0149 Indi\u00ebr is nie. En as gevolg hiervan glo hulle dat ander gelowe uit die land verdryf moet word.<\/p>\n<p>Die uiteinde hiervan is egter dat Hindoes wat Christene word, allerhande afgryse in die gesig staar: geweld, sosiale uitsluiting en diskriminasie in terme van regskode as dit kom by nalatenskap of belastingvoordele. Hulle ervaar ook straf deur die teen-bekeringswette wat verhoed dat mense hul godsdiens kan verander of wat diegene straf wat daarvan beskuldig word dat hulle mense na \u0149 geloof anders as Hindoe\u00efsme bekeer.<\/p>\n<p>Ongelukkig het die Indiese Kerk \u0149 gebrek aan vervolgingsbewustheid en ly hulle onder \u0149 swak ekonomiese basis (veral in die landelike gebiede), asook \u0149 tekort aan regshulp. Die vervolgde Kerk hier, op haar eie, kan eenvoudig net nie voorsien in die dringende behoeftes van vervolgde slagoffers nie.<\/p>\n<p>Om die Suid-Afrikaanse Kerk bewus te maak van die pleidooi van Indiese Christene, het Geopende Deure \u0149 Impak Indi\u00eb gebedsveldtog geloods.<\/p>\n<p><a href=\"https:\/\/www.opendoors.org.za\/afr\/impakindie\/\">Klik hier<\/a> en sluit by ons aan in gebed vir ons broers en susters in Indi\u00eb.[\/vc_column_text][\/vc_column][\/vc_row][vc_row][vc_column][vc_column_text]\n[\/vc_column_text][\/vc_column][\/vc_row]\n<\/div>","protected":false},"excerpt":{"rendered":"<p>[vc_row][vc_column][\/vc_column][\/vc_row][vc_row][vc_column width=&#8221;1\/3&#8243;][vc_single_image image=&#8221;17378&#8243; style=&#8221;vc_box_shadow_3d&#8221;][\/vc_column][vc_column width=&#8221;2\/3&#8243;][vc_column_text]Hindoe-nasionaliste het \u0149 blitsige en ge\u00efntegreerde aanslag begin tot die Hindo\u00ebisering van Indi\u00eb, wat elke area van die publieke lewe affekteer. Hulle glo dat indien jy nie \u0149 Hindoe is nie, jy ook nie \u0149 Indi\u00ebr is nie. En as gevolg hiervan glo hulle dat ander gelowe uit die land verdryf&hellip;<\/p>\n","protected":false},"author":260,"featured_media":0,"parent":0,"menu_order":0,"comment_status":"closed","ping_status":"closed","template":"","meta":{"_acf_changed":false,"footnotes":""},"class_list":["post-17439","page","type-page","status-publish","hentry","entry","no-media"],"acf":[],"yoast_head":"<!-- This site is optimized with the Yoast SEO plugin v27.1.1 - https:\/\/yoast.com\/product\/yoast-seo-wordpress\/ -->\n<title>In die loopgraaf - ffidl1906 - Geopende Deure<\/title>\n<meta name=\"robots\" content=\"index, follow, max-snippet:-1, max-image-preview:large, max-video-preview:-1\" \/>\n<link rel=\"canonical\" href=\"https:\/\/www.opendoors.org.za\/afr\/die-loopgraaf-ffidl1906\/\" \/>\n<meta property=\"og:locale\" content=\"af_ZA\" \/>\n<meta property=\"og:type\" content=\"article\" \/>\n<meta property=\"og:title\" content=\"In die loopgraaf - ffidl1906 - Geopende Deure\" \/>\n<meta property=\"og:description\" content=\"[vc_row][vc_column][\/vc_column][\/vc_row][vc_row][vc_column width=&#8221;1\/3&#8243;][vc_single_image image=&#8221;17378&#8243; style=&#8221;vc_box_shadow_3d&#8221;][\/vc_column][vc_column width=&#8221;2\/3&#8243;][vc_column_text]Hindoe-nasionaliste het \u0149 blitsige en ge\u00efntegreerde aanslag begin tot die Hindo\u00ebisering van Indi\u00eb, wat elke area van die publieke lewe affekteer. Hulle glo dat indien jy nie \u0149 Hindoe is nie, jy ook nie \u0149 Indi\u00ebr is nie. En as gevolg hiervan glo hulle dat ander gelowe uit die land verdryf&hellip;\" \/>\n<meta property=\"og:url\" content=\"https:\/\/www.opendoors.org.za\/afr\/die-loopgraaf-ffidl1906\/\" \/>\n<meta property=\"og:site_name\" content=\"Geopende Deure\" \/>\n<meta property=\"article:modified_time\" content=\"2019-05-31T06:47:14+00:00\" \/>\n<meta name=\"twitter:card\" content=\"summary_large_image\" \/>\n<meta name=\"twitter:label1\" content=\"Est. reading time\" \/>\n\t<meta name=\"twitter:data1\" content=\"1 minute\" \/>\n<script type=\"application\/ld+json\" class=\"yoast-schema-graph\">{\"@context\":\"https:\/\/schema.org\",\"@graph\":[{\"@type\":\"WebPage\",\"@id\":\"https:\/\/www.opendoors.org.za\/afr\/die-loopgraaf-ffidl1906\/\",\"url\":\"https:\/\/www.opendoors.org.za\/afr\/die-loopgraaf-ffidl1906\/\",\"name\":\"In die loopgraaf - ffidl1906 - Geopende Deure\",\"isPartOf\":{\"@id\":\"https:\/\/www.opendoors.org.za\/afr\/#website\"},\"datePublished\":\"2019-05-31T06:38:43+00:00\",\"dateModified\":\"2019-05-31T06:47:14+00:00\",\"breadcrumb\":{\"@id\":\"https:\/\/www.opendoors.org.za\/afr\/die-loopgraaf-ffidl1906\/#breadcrumb\"},\"inLanguage\":\"af-ZA\",\"potentialAction\":[{\"@type\":\"ReadAction\",\"target\":[\"https:\/\/www.opendoors.org.za\/afr\/die-loopgraaf-ffidl1906\/\"]}]},{\"@type\":\"BreadcrumbList\",\"@id\":\"https:\/\/www.opendoors.org.za\/afr\/die-loopgraaf-ffidl1906\/#breadcrumb\",\"itemListElement\":[{\"@type\":\"ListItem\",\"position\":1,\"name\":\"\",\"item\":\"https:\/\/www.opendoors.org.za\/afr\/\"},{\"@type\":\"ListItem\",\"position\":2,\"name\":\"In die loopgraaf &#8211; ffidl1906\"}]},{\"@type\":\"WebSite\",\"@id\":\"https:\/\/www.opendoors.org.za\/afr\/#website\",\"url\":\"https:\/\/www.opendoors.org.za\/afr\/\",\"name\":\"Geopende Deure\",\"description\":\"The world&#039;s largest outreach to persecuted Christians in the most high-risk places.\",\"publisher\":{\"@id\":\"https:\/\/www.opendoors.org.za\/afr\/#organization\"},\"potentialAction\":[{\"@type\":\"SearchAction\",\"target\":{\"@type\":\"EntryPoint\",\"urlTemplate\":\"https:\/\/www.opendoors.org.za\/afr\/?s={search_term_string}\"},\"query-input\":{\"@type\":\"PropertyValueSpecification\",\"valueRequired\":true,\"valueName\":\"search_term_string\"}}],\"inLanguage\":\"af-ZA\"},{\"@type\":\"Organization\",\"@id\":\"https:\/\/www.opendoors.org.za\/afr\/#organization\",\"name\":\"Geopende Deure\",\"url\":\"https:\/\/www.opendoors.org.za\/afr\/\",\"logo\":{\"@type\":\"ImageObject\",\"inLanguage\":\"af-ZA\",\"@id\":\"https:\/\/www.opendoors.org.za\/afr\/#\/schema\/logo\/image\/\",\"url\":\"https:\/\/www.opendoors.org.za\/wp-content\/uploads\/2023\/08\/Open-Doors-English-2023.png\",\"contentUrl\":\"https:\/\/www.opendoors.org.za\/wp-content\/uploads\/2023\/08\/Open-Doors-English-2023.png\",\"width\":606,\"height\":76,\"caption\":\"Geopende Deure\"},\"image\":{\"@id\":\"https:\/\/www.opendoors.org.za\/afr\/#\/schema\/logo\/image\/\"}}]}<\/script>\n<!-- \/ Yoast SEO plugin. -->","yoast_head_json":{"title":"In die loopgraaf - ffidl1906 - Geopende Deure","robots":{"index":"index","follow":"follow","max-snippet":"max-snippet:-1","max-image-preview":"max-image-preview:large","max-video-preview":"max-video-preview:-1"},"canonical":"https:\/\/www.opendoors.org.za\/afr\/die-loopgraaf-ffidl1906\/","og_locale":"af_ZA","og_type":"article","og_title":"In die loopgraaf - ffidl1906 - Geopende Deure","og_description":"[vc_row][vc_column][\/vc_column][\/vc_row][vc_row][vc_column width=&#8221;1\/3&#8243;][vc_single_image image=&#8221;17378&#8243; style=&#8221;vc_box_shadow_3d&#8221;][\/vc_column][vc_column width=&#8221;2\/3&#8243;][vc_column_text]Hindoe-nasionaliste het \u0149 blitsige en ge\u00efntegreerde aanslag begin tot die Hindo\u00ebisering van Indi\u00eb, wat elke area van die publieke lewe affekteer. Hulle glo dat indien jy nie \u0149 Hindoe is nie, jy ook nie \u0149 Indi\u00ebr is nie. En as gevolg hiervan glo hulle dat ander gelowe uit die land verdryf&hellip;","og_url":"https:\/\/www.opendoors.org.za\/afr\/die-loopgraaf-ffidl1906\/","og_site_name":"Geopende Deure","article_modified_time":"2019-05-31T06:47:14+00:00","twitter_card":"summary_large_image","twitter_misc":{"Est. reading time":"1 minute"},"schema":{"@context":"https:\/\/schema.org","@graph":[{"@type":"WebPage","@id":"https:\/\/www.opendoors.org.za\/afr\/die-loopgraaf-ffidl1906\/","url":"https:\/\/www.opendoors.org.za\/afr\/die-loopgraaf-ffidl1906\/","name":"In die loopgraaf - ffidl1906 - Geopende Deure","isPartOf":{"@id":"https:\/\/www.opendoors.org.za\/afr\/#website"},"datePublished":"2019-05-31T06:38:43+00:00","dateModified":"2019-05-31T06:47:14+00:00","breadcrumb":{"@id":"https:\/\/www.opendoors.org.za\/afr\/die-loopgraaf-ffidl1906\/#breadcrumb"},"inLanguage":"af-ZA","potentialAction":[{"@type":"ReadAction","target":["https:\/\/www.opendoors.org.za\/afr\/die-loopgraaf-ffidl1906\/"]}]},{"@type":"BreadcrumbList","@id":"https:\/\/www.opendoors.org.za\/afr\/die-loopgraaf-ffidl1906\/#breadcrumb","itemListElement":[{"@type":"ListItem","position":1,"name":"","item":"https:\/\/www.opendoors.org.za\/afr\/"},{"@type":"ListItem","position":2,"name":"In die loopgraaf &#8211; ffidl1906"}]},{"@type":"WebSite","@id":"https:\/\/www.opendoors.org.za\/afr\/#website","url":"https:\/\/www.opendoors.org.za\/afr\/","name":"Geopende Deure","description":"The world&#039;s largest outreach to persecuted Christians in the most high-risk places.","publisher":{"@id":"https:\/\/www.opendoors.org.za\/afr\/#organization"},"potentialAction":[{"@type":"SearchAction","target":{"@type":"EntryPoint","urlTemplate":"https:\/\/www.opendoors.org.za\/afr\/?s={search_term_string}"},"query-input":{"@type":"PropertyValueSpecification","valueRequired":true,"valueName":"search_term_string"}}],"inLanguage":"af-ZA"},{"@type":"Organization","@id":"https:\/\/www.opendoors.org.za\/afr\/#organization","name":"Geopende Deure","url":"https:\/\/www.opendoors.org.za\/afr\/","logo":{"@type":"ImageObject","inLanguage":"af-ZA","@id":"https:\/\/www.opendoors.org.za\/afr\/#\/schema\/logo\/image\/","url":"https:\/\/www.opendoors.org.za\/wp-content\/uploads\/2023\/08\/Open-Doors-English-2023.png","contentUrl":"https:\/\/www.opendoors.org.za\/wp-content\/uploads\/2023\/08\/Open-Doors-English-2023.png","width":606,"height":76,"caption":"Geopende Deure"},"image":{"@id":"https:\/\/www.opendoors.org.za\/afr\/#\/schema\/logo\/image\/"}}]}},"_links":{"self":[{"href":"https:\/\/www.opendoors.org.za\/afr\/wp-json\/wp\/v2\/pages\/17439","targetHints":{"allow":["GET"]}}],"collection":[{"href":"https:\/\/www.opendoors.org.za\/afr\/wp-json\/wp\/v2\/pages"}],"about":[{"href":"https:\/\/www.opendoors.org.za\/afr\/wp-json\/wp\/v2\/types\/page"}],"author":[{"embeddable":true,"href":"https:\/\/www.opendoors.org.za\/afr\/wp-json\/wp\/v2\/users\/260"}],"replies":[{"embeddable":true,"href":"https:\/\/www.opendoors.org.za\/afr\/wp-json\/wp\/v2\/comments?post=17439"}],"version-history":[{"count":0,"href":"https:\/\/www.opendoors.org.za\/afr\/wp-json\/wp\/v2\/pages\/17439\/revisions"}],"wp:attachment":[{"href":"https:\/\/www.opendoors.org.za\/afr\/wp-json\/wp\/v2\/media?parent=17439"}],"curies":[{"name":"wp","href":"https:\/\/api.w.org\/{rel}","templated":true}]}}