{"id":12377,"date":"2018-07-16T13:44:35","date_gmt":"2018-07-16T11:44:35","guid":{"rendered":"https:\/\/www.opendoors.org.za\/?page_id=12377"},"modified":"2023-08-22T15:49:05","modified_gmt":"2023-08-22T13:49:05","slug":"gee-begin-n-staande-debietorder-juig","status":"publish","type":"page","link":"https:\/\/www.opendoors.org.za\/afr\/gee-begin-n-staande-debietorder-juig\/","title":{"rendered":"Begin &#8216;n Staande Debietorder &#8211; JUIG!"},"content":{"rendered":"<div class=\"wpb-content-wrapper\">[vc_row][vc_column]<div class=\"vcex-spacing wpex-w-100 wpex-clear\"><\/div><style>.vcex-heading.vcex_69f602c68798b{color:#770606;}<\/style><h1 class=\"vcex-heading vcex-heading-plain vcex-module wpex-heading wpex-text-2xl wpex-h1 wpex-text-center vcex_69f602c68798b\"><span class=\"vcex-heading-inner wpex-inline-block\">Word 'n Frontlinie Vennoot deur 'n debietorder te teken<\/span><\/h1><div class=\"vcex-spacing wpex-w-100 wpex-clear\"><\/div><div class=\"vcex-spacing wpex-w-100 wpex-clear\"><\/div><div class=\"vcex-module vcex-divider vcex-divider-solid vcex-divider-center wpex-mx-auto wpex-block wpex-h-0 wpex-border-b wpex-border-solid wpex-border-main\"><\/div>[\/vc_column][\/vc_row][vc_row][vc_column width=&#8221;5\/6&#8243; offset=&#8221;vc_col-lg-offset-1&#8243;][vc_single_image image=&#8221;13483&#8243;]<div class=\"vcex-spacing wpex-w-100 wpex-clear\" style=\"height:20px;\"><\/div>[vc_column_text]Die maklikste manier om op \u0149 gereelde basis \u0149 donasie te maak, en by ons aan te sluit in die getroue versterking van die vervolgde Kerk, is deur middel van \u0149 debietorder.<\/p>\n<p>Word \u0149 Geopende Deure <em>Frontlinie Vennoot<\/em> deur die vorm hieronder in te vul:[\/vc_column_text][\/vc_column][\/vc_row][vc_row full_width=&#8221;stretch_row&#8221; local_scroll_id=&#8221;bank-details&#8221; css=&#8221;.vc_custom_1501851490572{margin-bottom: 0px !important;border-bottom-width: 0px !important;padding-bottom: 0px !important;background-color: #f5941f !important;}&#8221;][vc_column css=&#8221;.vc_custom_1531741453972{margin-bottom: 0px !important;border-bottom-width: 0px !important;padding-bottom: 0px !important;}&#8221; offset=&#8221;vc_hidden-lg vc_hidden-md vc_hidden-sm vc_hidden-xs&#8221;]<div class=\"vcex-spacing wpex-w-100 wpex-clear\" style=\"height:60px;\"><\/div><style>.vcex-heading.vcex_69f602c68930b{color:#ffffff;}<\/style><h2 class=\"vcex-heading vcex-heading-plain vcex-module wpex-heading wpex-text-2xl wpex-h2 vcex_69f602c68930b\"><span class=\"vcex-heading-inner wpex-inline-block\">Ons Bankbesonderhede<\/span><\/h2>[vc_row_inner][vc_column_inner width=&#8221;1\/3&#8243;][vc_column_text css_animation=&#8221;none&#8221; color=&#8221;#ffffff&#8221;]\n<h3><span style=\"color: #ffffff;\"><strong>ABSA Tjekrekening<\/strong><\/span><\/h3>\n<p>Open Doors \u2013 Geopende Deure<br \/>\n<strong>Rekeningnommer:<\/strong> 160 340 568<br \/>\n<strong>Takkode:<\/strong> 632005[\/vc_column_text][\/vc_column_inner][vc_column_inner width=&#8221;1\/3&#8243;][vc_column_text css_animation=&#8221;none&#8221; color=&#8221;#ffffff&#8221;]\n<h3><span style=\"color: #ffffff;\"><strong>Nedbank Besigheidsrekening<\/strong><\/span><\/h3>\n<p>Open Doors \u2013 Geopende Deure<br \/>\n<strong>Rekeningnommer:<\/strong> 113 750 4552<br \/>\n<strong>Takkode:<\/strong> 198765[\/vc_column_text][\/vc_column_inner][vc_column_inner width=&#8221;1\/3&#8243;][vc_column_text css_animation=&#8221;none&#8221; color=&#8221;#ffffff&#8221;]\n<h3><span style=\"color: #ffffff;\">In Namibi\u00eb<\/span><\/h3>\n<p><strong>Nedbank \u2013 Windhoek<\/strong><br \/>\nOpen Doors Namibia<br \/>\n<strong>Rekeningnommer:<\/strong> 1 2000 23847 1<br \/>\n<strong>Takkode:<\/strong> 461609[\/vc_column_text][\/vc_column_inner][\/vc_row_inner][\/vc_column][\/vc_row]\n<\/div>","protected":false},"excerpt":{"rendered":"<p>[vc_row][vc_column][\/vc_column][\/vc_row][vc_row][vc_column width=&#8221;5\/6&#8243; offset=&#8221;vc_col-lg-offset-1&#8243;][vc_single_image image=&#8221;13483&#8243;][vc_column_text]Die maklikste manier om op \u0149 gereelde basis \u0149 donasie te maak, en by ons aan te sluit in die getroue versterking van die vervolgde Kerk, is deur middel van \u0149 debietorder. Word \u0149 Geopende Deure Frontlinie Vennoot deur die vorm hieronder in te vul:[\/vc_column_text][\/vc_column][\/vc_row][vc_row full_width=&#8221;stretch_row&#8221; local_scroll_id=&#8221;bank-details&#8221; css=&#8221;.vc_custom_1501851490572{margin-bottom: 0px !important;border-bottom-width: 0px !important;padding-bottom:&hellip;<\/p>\n","protected":false},"author":260,"featured_media":0,"parent":0,"menu_order":0,"comment_status":"closed","ping_status":"closed","template":"","meta":{"_acf_changed":false,"footnotes":""},"class_list":["post-12377","page","type-page","status-publish","hentry","entry","no-media"],"acf":[],"yoast_head":"<!-- This site is optimized with the Yoast SEO plugin v27.1.1 - https:\/\/yoast.com\/product\/yoast-seo-wordpress\/ -->\n<title>Begin &#039;n Staande Debietorder - JUIG! - Geopende Deure<\/title>\n<meta name=\"robots\" content=\"index, follow, max-snippet:-1, max-image-preview:large, max-video-preview:-1\" \/>\n<link rel=\"canonical\" href=\"https:\/\/www.opendoors.org.za\/afr\/gee-begin-n-staande-debietorder-juig\/\" \/>\n<meta property=\"og:locale\" content=\"af_ZA\" \/>\n<meta property=\"og:type\" content=\"article\" \/>\n<meta property=\"og:title\" content=\"Begin &#039;n Staande Debietorder - JUIG! - Geopende Deure\" \/>\n<meta property=\"og:description\" content=\"[vc_row][vc_column][\/vc_column][\/vc_row][vc_row][vc_column width=&#8221;5\/6&#8243; offset=&#8221;vc_col-lg-offset-1&#8243;][vc_single_image image=&#8221;13483&#8243;][vc_column_text]Die maklikste manier om op \u0149 gereelde basis \u0149 donasie te maak, en by ons aan te sluit in die getroue versterking van die vervolgde Kerk, is deur middel van \u0149 debietorder. Word \u0149 Geopende Deure Frontlinie Vennoot deur die vorm hieronder in te vul:[\/vc_column_text][\/vc_column][\/vc_row][vc_row full_width=&#8221;stretch_row&#8221; local_scroll_id=&#8221;bank-details&#8221; css=&#8221;.vc_custom_1501851490572{margin-bottom: 0px !important;border-bottom-width: 0px !important;padding-bottom:&hellip;\" \/>\n<meta property=\"og:url\" content=\"https:\/\/www.opendoors.org.za\/afr\/gee-begin-n-staande-debietorder-juig\/\" \/>\n<meta property=\"og:site_name\" content=\"Geopende Deure\" \/>\n<meta property=\"article:modified_time\" content=\"2023-08-22T13:49:05+00:00\" \/>\n<meta name=\"twitter:card\" content=\"summary_large_image\" \/>\n<meta name=\"twitter:label1\" content=\"Est. reading time\" \/>\n\t<meta name=\"twitter:data1\" content=\"1 minute\" \/>\n<script type=\"application\/ld+json\" class=\"yoast-schema-graph\">{\"@context\":\"https:\/\/schema.org\",\"@graph\":[{\"@type\":\"WebPage\",\"@id\":\"https:\/\/www.opendoors.org.za\/afr\/gee-begin-n-staande-debietorder-juig\/\",\"url\":\"https:\/\/www.opendoors.org.za\/afr\/gee-begin-n-staande-debietorder-juig\/\",\"name\":\"Begin 'n Staande Debietorder - JUIG! - Geopende Deure\",\"isPartOf\":{\"@id\":\"https:\/\/www.opendoors.org.za\/afr\/#website\"},\"datePublished\":\"2018-07-16T11:44:35+00:00\",\"dateModified\":\"2023-08-22T13:49:05+00:00\",\"breadcrumb\":{\"@id\":\"https:\/\/www.opendoors.org.za\/afr\/gee-begin-n-staande-debietorder-juig\/#breadcrumb\"},\"inLanguage\":\"af-ZA\",\"potentialAction\":[{\"@type\":\"ReadAction\",\"target\":[\"https:\/\/www.opendoors.org.za\/afr\/gee-begin-n-staande-debietorder-juig\/\"]}]},{\"@type\":\"BreadcrumbList\",\"@id\":\"https:\/\/www.opendoors.org.za\/afr\/gee-begin-n-staande-debietorder-juig\/#breadcrumb\",\"itemListElement\":[{\"@type\":\"ListItem\",\"position\":1,\"name\":\"\",\"item\":\"https:\/\/www.opendoors.org.za\/afr\/\"},{\"@type\":\"ListItem\",\"position\":2,\"name\":\"Begin &#8216;n Staande Debietorder &#8211; JUIG!\"}]},{\"@type\":\"WebSite\",\"@id\":\"https:\/\/www.opendoors.org.za\/afr\/#website\",\"url\":\"https:\/\/www.opendoors.org.za\/afr\/\",\"name\":\"Geopende Deure\",\"description\":\"The world&#039;s largest outreach to persecuted Christians in the most high-risk places.\",\"publisher\":{\"@id\":\"https:\/\/www.opendoors.org.za\/afr\/#organization\"},\"potentialAction\":[{\"@type\":\"SearchAction\",\"target\":{\"@type\":\"EntryPoint\",\"urlTemplate\":\"https:\/\/www.opendoors.org.za\/afr\/?s={search_term_string}\"},\"query-input\":{\"@type\":\"PropertyValueSpecification\",\"valueRequired\":true,\"valueName\":\"search_term_string\"}}],\"inLanguage\":\"af-ZA\"},{\"@type\":\"Organization\",\"@id\":\"https:\/\/www.opendoors.org.za\/afr\/#organization\",\"name\":\"Geopende Deure\",\"url\":\"https:\/\/www.opendoors.org.za\/afr\/\",\"logo\":{\"@type\":\"ImageObject\",\"inLanguage\":\"af-ZA\",\"@id\":\"https:\/\/www.opendoors.org.za\/afr\/#\/schema\/logo\/image\/\",\"url\":\"https:\/\/www.opendoors.org.za\/wp-content\/uploads\/2023\/08\/Open-Doors-English-2023.png\",\"contentUrl\":\"https:\/\/www.opendoors.org.za\/wp-content\/uploads\/2023\/08\/Open-Doors-English-2023.png\",\"width\":606,\"height\":76,\"caption\":\"Geopende Deure\"},\"image\":{\"@id\":\"https:\/\/www.opendoors.org.za\/afr\/#\/schema\/logo\/image\/\"}}]}<\/script>\n<!-- \/ Yoast SEO plugin. -->","yoast_head_json":{"title":"Begin 'n Staande Debietorder - JUIG! - Geopende Deure","robots":{"index":"index","follow":"follow","max-snippet":"max-snippet:-1","max-image-preview":"max-image-preview:large","max-video-preview":"max-video-preview:-1"},"canonical":"https:\/\/www.opendoors.org.za\/afr\/gee-begin-n-staande-debietorder-juig\/","og_locale":"af_ZA","og_type":"article","og_title":"Begin 'n Staande Debietorder - JUIG! - Geopende Deure","og_description":"[vc_row][vc_column][\/vc_column][\/vc_row][vc_row][vc_column width=&#8221;5\/6&#8243; offset=&#8221;vc_col-lg-offset-1&#8243;][vc_single_image image=&#8221;13483&#8243;][vc_column_text]Die maklikste manier om op \u0149 gereelde basis \u0149 donasie te maak, en by ons aan te sluit in die getroue versterking van die vervolgde Kerk, is deur middel van \u0149 debietorder. Word \u0149 Geopende Deure Frontlinie Vennoot deur die vorm hieronder in te vul:[\/vc_column_text][\/vc_column][\/vc_row][vc_row full_width=&#8221;stretch_row&#8221; local_scroll_id=&#8221;bank-details&#8221; css=&#8221;.vc_custom_1501851490572{margin-bottom: 0px !important;border-bottom-width: 0px !important;padding-bottom:&hellip;","og_url":"https:\/\/www.opendoors.org.za\/afr\/gee-begin-n-staande-debietorder-juig\/","og_site_name":"Geopende Deure","article_modified_time":"2023-08-22T13:49:05+00:00","twitter_card":"summary_large_image","twitter_misc":{"Est. reading time":"1 minute"},"schema":{"@context":"https:\/\/schema.org","@graph":[{"@type":"WebPage","@id":"https:\/\/www.opendoors.org.za\/afr\/gee-begin-n-staande-debietorder-juig\/","url":"https:\/\/www.opendoors.org.za\/afr\/gee-begin-n-staande-debietorder-juig\/","name":"Begin 'n Staande Debietorder - JUIG! - Geopende Deure","isPartOf":{"@id":"https:\/\/www.opendoors.org.za\/afr\/#website"},"datePublished":"2018-07-16T11:44:35+00:00","dateModified":"2023-08-22T13:49:05+00:00","breadcrumb":{"@id":"https:\/\/www.opendoors.org.za\/afr\/gee-begin-n-staande-debietorder-juig\/#breadcrumb"},"inLanguage":"af-ZA","potentialAction":[{"@type":"ReadAction","target":["https:\/\/www.opendoors.org.za\/afr\/gee-begin-n-staande-debietorder-juig\/"]}]},{"@type":"BreadcrumbList","@id":"https:\/\/www.opendoors.org.za\/afr\/gee-begin-n-staande-debietorder-juig\/#breadcrumb","itemListElement":[{"@type":"ListItem","position":1,"name":"","item":"https:\/\/www.opendoors.org.za\/afr\/"},{"@type":"ListItem","position":2,"name":"Begin &#8216;n Staande Debietorder &#8211; JUIG!"}]},{"@type":"WebSite","@id":"https:\/\/www.opendoors.org.za\/afr\/#website","url":"https:\/\/www.opendoors.org.za\/afr\/","name":"Geopende Deure","description":"The world&#039;s largest outreach to persecuted Christians in the most high-risk places.","publisher":{"@id":"https:\/\/www.opendoors.org.za\/afr\/#organization"},"potentialAction":[{"@type":"SearchAction","target":{"@type":"EntryPoint","urlTemplate":"https:\/\/www.opendoors.org.za\/afr\/?s={search_term_string}"},"query-input":{"@type":"PropertyValueSpecification","valueRequired":true,"valueName":"search_term_string"}}],"inLanguage":"af-ZA"},{"@type":"Organization","@id":"https:\/\/www.opendoors.org.za\/afr\/#organization","name":"Geopende Deure","url":"https:\/\/www.opendoors.org.za\/afr\/","logo":{"@type":"ImageObject","inLanguage":"af-ZA","@id":"https:\/\/www.opendoors.org.za\/afr\/#\/schema\/logo\/image\/","url":"https:\/\/www.opendoors.org.za\/wp-content\/uploads\/2023\/08\/Open-Doors-English-2023.png","contentUrl":"https:\/\/www.opendoors.org.za\/wp-content\/uploads\/2023\/08\/Open-Doors-English-2023.png","width":606,"height":76,"caption":"Geopende Deure"},"image":{"@id":"https:\/\/www.opendoors.org.za\/afr\/#\/schema\/logo\/image\/"}}]}},"_links":{"self":[{"href":"https:\/\/www.opendoors.org.za\/afr\/wp-json\/wp\/v2\/pages\/12377","targetHints":{"allow":["GET"]}}],"collection":[{"href":"https:\/\/www.opendoors.org.za\/afr\/wp-json\/wp\/v2\/pages"}],"about":[{"href":"https:\/\/www.opendoors.org.za\/afr\/wp-json\/wp\/v2\/types\/page"}],"author":[{"embeddable":true,"href":"https:\/\/www.opendoors.org.za\/afr\/wp-json\/wp\/v2\/users\/260"}],"replies":[{"embeddable":true,"href":"https:\/\/www.opendoors.org.za\/afr\/wp-json\/wp\/v2\/comments?post=12377"}],"version-history":[{"count":0,"href":"https:\/\/www.opendoors.org.za\/afr\/wp-json\/wp\/v2\/pages\/12377\/revisions"}],"wp:attachment":[{"href":"https:\/\/www.opendoors.org.za\/afr\/wp-json\/wp\/v2\/media?parent=12377"}],"curies":[{"name":"wp","href":"https:\/\/api.w.org\/{rel}","templated":true}]}}